CRAN Package Check Results for Package fuzzyRankTests

Last updated on 2025-11-11 15:50:34 CET.

Flavor Version Tinstall Tcheck Ttotal Status Flags
r-devel-linux-x86_64-debian-clang 0.5 4.55 40.76 45.31 OK
r-devel-linux-x86_64-debian-gcc 0.5 3.57 32.82 36.39 OK
r-devel-linux-x86_64-fedora-clang 0.5 68.49 OK
r-devel-linux-x86_64-fedora-gcc 0.5 11.00 68.07 79.07 OK
r-devel-windows-x86_64 0.4 11.00 50.00 61.00 NOTE
r-patched-linux-x86_64 0.4 4.08 25.46 29.54 OK
r-release-linux-x86_64 0.4 3.91 25.12 29.03 OK
r-release-macos-arm64 0.5 5.00 95.00 100.00 NOTE
r-release-macos-x86_64 0.5 11.00 125.00 136.00 NOTE
r-release-windows-x86_64 0.4 9.00 48.00 57.00 OK
r-oldrel-macos-arm64 0.5 5.00 69.00 74.00 OK
r-oldrel-macos-x86_64 0.5 11.00 129.00 140.00 OK
r-oldrel-windows-x86_64 0.5 14.00 91.00 105.00 OK

Check Details

Version: 0.4
Check: tests
Result: NOTE Running 'ranksum.R' [0s] Comparing 'ranksum.Rout' to 'ranksum.Rout.save' ...34c34 < Wilcoxon rank sum exact test --- > Wilcoxon rank sum test with continuity correction 37c37 < W = 8, p-value = 0.0053 --- > W = 8, p-value = 0.0076 39a40,41 > Warning message: > In wilcox.test.default(x, y) : cannot compute exact p-value with ties 64c66 < Wilcoxon rank sum exact test --- > Wilcoxon rank sum test with continuity correction 67c69 < W = 8, p-value = 0.0027 --- > W = 8, p-value = 0.0038 69a72,74 > Warning message: > In wilcox.test.default(x, y, alt = "less") : > cannot compute exact p-value with ties 91c96 < Wilcoxon rank sum exact test --- > Wilcoxon rank sum test with continuity correction 94c99 < W = 8, p-value = 0.0053 --- > W = 8, p-value = 0.0076 97c102 < -7 -1 --- > -6.0001 -1.0001 101a107,111 > Warning messages: > 1: In wilcox.test.default(x, y, conf.int = TRUE) : > cannot compute exact p-value with ties > 2: In wilcox.test.default(x, y, conf.int = TRUE) : > cannot compute exact confidence intervals with ties 121c131 < Wilcoxon rank sum exact test --- > Wilcoxon rank sum test with continuity correction 124c134 < W = 8, p-value = 0.0027 --- > W = 8, p-value = 0.0038 127c137 < -Inf -1 --- > -Inf -2 131a142,146 > Warning messages: > 1: In wilcox.test.default(x, y, conf.int = TRUE, alt = "less") : > cannot compute exact p-value with ties > 2: In wilcox.test.default(x, y, conf.int = TRUE, alt = "less") : > cannot compute exact confidence intervals with ties 151c166 < Wilcoxon rank sum exact test --- > Wilcoxon rank sum test with continuity correction 161a177,181 > Warning messages: > 1: In wilcox.test.default(x, y, conf.int = TRUE, alt = "great") : > cannot compute exact p-value with ties > 2: In wilcox.test.default(x, y, conf.int = TRUE, alt = "great") : > cannot compute exact confidence intervals with ties Running 'sign-ci.R' [0s] Comparing 'sign-ci.Rout' to 'sign-ci.Rout.save' ... OK Running 'sign.R' [0s] Comparing 'sign.Rout' to 'sign.Rout.save' ... OK Running 'signrank.R' [0s] Comparing 'signrank.Rout' to 'signrank.Rout.save' ...40c40 < Wilcoxon signed rank exact test --- > Wilcoxon signed rank test with continuity correction 43c43 < V = 102, p-value = 0.037 --- > V = 66.5, p-value = 0.034 45a46,48 > Warning messages: > 1: In wilcox.test.default(x) : cannot compute exact p-value with ties > 2: In wilcox.test.default(x) : cannot compute exact p-value with zeroes 77c80 < Wilcoxon signed rank exact test --- > Wilcoxon signed rank test with continuity correction 80c83 < V = 102, p-value = 0.98 --- > V = 66.5, p-value = 0.99 82a86,90 > Warning messages: > 1: In wilcox.test.default(x, alt = "less") : > cannot compute exact p-value with ties > 2: In wilcox.test.default(x, alt = "less") : > cannot compute exact p-value with zeroes 114c122 < Wilcoxon signed rank exact test --- > Wilcoxon signed rank test with continuity correction 117c125 < V = 102, p-value = 0.019 --- > V = 66.5, p-value = 0.017 119a128,132 > Warning messages: > 1: In wilcox.test.default(x, alt = "great") : > cannot compute exact p-value with ties > 2: In wilcox.test.default(x, alt = "great") : > cannot compute exact p-value with zeroes 141c154 < Wilcoxon signed rank exact test --- > Wilcoxon signed rank test with continuity correction 144c157 < V = 102, p-value = 0.037 --- > V = 66.5, p-value = 0.034 147c160 < 0 4 --- > 0.49999 4.50000 150c163 < 2 --- > 2.5 151a165,173 > Warning messages: > 1: In wilcox.test.default(x, conf.int = TRUE) : > cannot compute exact p-value with ties > 2: In wilcox.test.default(x, conf.int = TRUE) : > cannot compute exact confidence interval with ties > 3: In wilcox.test.default(x, conf.int = TRUE) : > cannot compute exact p-value with zeroes > 4: In wilcox.test.default(x, conf.int = TRUE) : > cannot compute exact confidence interval with zeroes 173c195 < Wilcoxon signed rank exact test --- > Wilcoxon signed rank test with continuity correction 176c198 < V = 102, p-value = 0.98 --- > V = 66.5, p-value = 0.99 179c201 < -Inf 4 --- > -Inf 4.4999 182c204 < 2 --- > 2.5 183a206,214 > Warning messages: > 1: In wilcox.test.default(x, conf.int = TRUE, alt = "less") : > cannot compute exact p-value with ties > 2: In wilcox.test.default(x, conf.int = TRUE, alt = "less") : > cannot compute exact confidence interval with ties > 3: In wilcox.test.default(x, conf.int = TRUE, alt = "less") : > cannot compute exact p-value with zeroes > 4: In wilcox.test.default(x, conf.int = TRUE, alt = "less") : > cannot compute exact confidence interval with zeroes 203c234 < Wilcoxon signed rank exact test --- > Wilcoxon signed rank test with continuity correction 206c237 < V = 102, p-value = 0.019 --- > V = 66.5, p-value = 0.017 209c240 < 0.5 Inf --- > 0.50001 Inf 212c243 < 2 --- > 2.5 213a245,253 > Warning messages: > 1: In wilcox.test.default(x, conf.int = TRUE, alt = "great") : > cannot compute exact p-value with ties > 2: In wilcox.test.default(x, conf.int = TRUE, alt = "great") : > cannot compute exact confidence interval with ties > 3: In wilcox.test.default(x, conf.int = TRUE, alt = "great") : > cannot compute exact p-value with zeroes > 4: In wilcox.test.default(x, conf.int = TRUE, alt = "great") : > cannot compute exact confidence interval with zeroes Running 'testc.R' [0s] Comparing 'testc.Rout' to 'testc.Rout.save' ... OK Running 'testd.R' [0s] Comparing 'testd.Rout' to 'testd.Rout.save' ... OK Running 'teste.R' [0s] Comparing 'teste.Rout' to 'teste.Rout.save' ... OK Flavor: r-devel-windows-x86_64

Version: 0.5
Check: tests
Result: NOTE Running ‘ranksum.R’ [0s/0s] Comparing ‘ranksum.Rout’ to ‘ranksum.Rout.save’ ... OK Running ‘sign-ci.R’ [0s/0s] Comparing ‘sign-ci.Rout’ to ‘sign-ci.Rout.save’ ... OK Running ‘sign.R’ [0s/0s] Comparing ‘sign.Rout’ to ‘sign.Rout.save’ ... OK Running ‘signrank.R’ [0s/0s] Comparing ‘signrank.Rout’ to ‘signrank.Rout.save’ ...147c147 < 0.49999 4.50000 --- > 4.3784e-05 3.5000e+00 150c150 < 2.5 --- > 1.9999 179c179 < -Inf 4.4999 --- > -Inf 3.5 182c182 < 2.5 --- > 1.9999 209c209 < 0.50001 Inf --- > 0.49996 Inf 212c212 < 2.5 --- > 1.9999 Running ‘testc.R’ [0s/0s] Comparing ‘testc.Rout’ to ‘testc.Rout.save’ ... OK Running ‘testd.R’ [0s/0s] Comparing ‘testd.Rout’ to ‘testd.Rout.save’ ... OK Running ‘teste.R’ [0s/0s] Comparing ‘teste.Rout’ to ‘teste.Rout.save’ ... OK Flavors: r-release-macos-arm64, r-release-macos-x86_64

These binaries (installable software) and packages are in development.
They may not be fully stable and should be used with caution. We make no claims about them.