Last updated on 2025-02-02 14:48:23 CET.
Flavor | Version | Tinstall | Tcheck | Ttotal | Status | Flags |
---|---|---|---|---|---|---|
r-devel-linux-x86_64-debian-clang | 0.1.6 | 4.02 | 123.75 | 127.77 | NOTE | |
r-devel-linux-x86_64-debian-gcc | 0.1.6 | 2.84 | 78.03 | 80.87 | NOTE | |
r-devel-linux-x86_64-fedora-clang | 0.1.6 | 192.53 | NOTE | |||
r-devel-linux-x86_64-fedora-gcc | 0.1.6 | 186.92 | NOTE | |||
r-devel-windows-x86_64 | 0.1.6 | 6.00 | 115.00 | 121.00 | NOTE | |
r-patched-linux-x86_64 | 0.1.6 | 9.47 | 105.18 | 114.65 | NOTE | |
r-release-linux-x86_64 | 0.1.6 | 4.27 | 106.28 | 110.55 | NOTE | |
r-release-macos-arm64 | 0.1.6 | 62.00 | NOTE | |||
r-release-macos-x86_64 | 0.1.6 | 95.00 | NOTE | |||
r-release-windows-x86_64 | 0.1.6 | 7.00 | 113.00 | 120.00 | NOTE | |
r-oldrel-macos-arm64 | 0.1.6 | 67.00 | OK | |||
r-oldrel-macos-x86_64 | 0.1.6 | 96.00 | OK | |||
r-oldrel-windows-x86_64 | 0.1.6 | 8.00 | 135.00 | 143.00 | OK |
Version: 0.1.6
Check: Rd files
Result: NOTE
checkRd: (-1) misspellings.Rd:18: Lost braces
18 | This is a code{tbl_df} mapping misspellings of their words, compiled by
| ^
Flavors: r-devel-linux-x86_64-debian-clang, r-devel-linux-x86_64-debian-gcc, r-devel-linux-x86_64-fedora-clang, r-devel-linux-x86_64-fedora-gcc, r-devel-windows-x86_64, r-patched-linux-x86_64, r-release-linux-x86_64, r-release-macos-arm64, r-release-macos-x86_64, r-release-windows-x86_64
Version: 0.1.6
Check: Rd cross-references
Result: NOTE
Found the following Rd file(s) with Rd \link{} targets missing package
anchors:
regex_join.Rd: str_detect
stringdist_join.Rd: stringdist
Please provide package anchors for all Rd \link{} targets not in the
package itself and the base packages.
Flavors: r-devel-linux-x86_64-debian-clang, r-devel-linux-x86_64-debian-gcc, r-devel-windows-x86_64
These binaries (installable software) and packages are in development.
They may not be fully stable and should be used with caution. We make no claims about them.