CRAN Package Check Results for Package fwsim

Last updated on 2025-02-16 10:50:46 CET.

Flavor Version Tinstall Tcheck Ttotal Status Flags
r-devel-linux-x86_64-debian-clang 0.3.4 27.74 25.73 53.47 NOTE
r-devel-linux-x86_64-debian-gcc 0.3.4 22.24 19.93 42.17 NOTE
r-devel-linux-x86_64-fedora-clang 0.3.4 105.97 NOTE
r-devel-linux-x86_64-fedora-gcc 0.3.4 103.81 NOTE
r-devel-macos-arm64 0.3.4 26.00 NOTE
r-devel-macos-x86_64 0.3.4 38.00 NOTE
r-devel-windows-x86_64 0.3.4 31.00 61.00 92.00 NOTE
r-patched-linux-x86_64 0.3.4 29.71 24.56 54.27 NOTE
r-release-linux-x86_64 0.3.4 29.26 24.95 54.21 NOTE
r-release-macos-arm64 0.3.4 31.00 NOTE
r-release-macos-x86_64 0.3.4 34.00 NOTE
r-release-windows-x86_64 0.3.4 31.00 65.00 96.00 NOTE
r-oldrel-macos-arm64 0.3.4 35.00 NOTE
r-oldrel-macos-x86_64 0.3.4 56.00 NOTE
r-oldrel-windows-x86_64 0.3.4 35.00 97.00 132.00 NOTE

Check Details

Version: 0.3.4
Check: C++ specification
Result: NOTE Specified C++11: please drop specification unless essential Flavors: r-devel-linux-x86_64-debian-clang, r-devel-linux-x86_64-debian-gcc, r-devel-linux-x86_64-fedora-clang, r-devel-linux-x86_64-fedora-gcc, r-devel-macos-arm64, r-devel-macos-x86_64, r-devel-windows-x86_64, r-patched-linux-x86_64, r-release-linux-x86_64, r-release-macos-arm64, r-release-macos-x86_64, r-release-windows-x86_64, r-oldrel-macos-arm64, r-oldrel-macos-x86_64, r-oldrel-windows-x86_64

These binaries (installable software) and packages are in development.
They may not be fully stable and should be used with caution. We make no claims about them.