CRAN Package Check Results for Package fwsim

Last updated on 2025-05-08 04:52:05 CEST.

Flavor Version Tinstall Tcheck Ttotal Status Flags
r-devel-linux-x86_64-debian-clang 0.3.4 28.67 26.65 55.32 NOTE
r-devel-linux-x86_64-debian-gcc 0.3.4 20.87 20.26 41.13 NOTE
r-devel-linux-x86_64-fedora-clang 0.3.4 107.25 NOTE
r-devel-linux-x86_64-fedora-gcc 0.3.4 106.74 NOTE
r-devel-windows-x86_64 0.3.4 34.00 64.00 98.00 NOTE
r-patched-linux-x86_64 0.3.4 30.08 25.36 55.44 NOTE
r-release-linux-x86_64 0.3.4 28.90 25.68 54.58 NOTE
r-release-macos-arm64 0.3.4 29.00 NOTE
r-release-macos-x86_64 0.3.4 38.00 NOTE
r-release-windows-x86_64 0.3.4 35.00 65.00 100.00 NOTE
r-oldrel-macos-arm64 0.3.4 31.00 NOTE
r-oldrel-macos-x86_64 0.3.4 34.00 NOTE
r-oldrel-windows-x86_64 0.3.4 32.00 74.00 106.00 NOTE

Check Details

Version: 0.3.4
Check: CRAN incoming feasibility
Result: NOTE Maintainer: ‘Mikkel Meyer Andersen <mikl@math.aau.dk>’ No Authors@R field in DESCRIPTION. Please add one, modifying Authors@R: c(person(given = c("Mikkel", "Meyer"), family = "Andersen", role = c("aut", "cre"), email = "mikl@math.aau.dk"), person(given = c("Poul", "Svante"), family = "Eriksen", role = "aut")) as necessary. Flavors: r-devel-linux-x86_64-debian-clang, r-devel-linux-x86_64-debian-gcc

Version: 0.3.4
Check: C++ specification
Result: NOTE Specified C++11: please drop specification unless essential Flavors: r-devel-linux-x86_64-debian-clang, r-devel-linux-x86_64-debian-gcc, r-devel-linux-x86_64-fedora-clang, r-devel-linux-x86_64-fedora-gcc, r-devel-windows-x86_64, r-patched-linux-x86_64, r-release-linux-x86_64, r-release-macos-arm64, r-release-macos-x86_64, r-release-windows-x86_64, r-oldrel-macos-arm64, r-oldrel-macos-x86_64, r-oldrel-windows-x86_64

These binaries (installable software) and packages are in development.
They may not be fully stable and should be used with caution. We make no claims about them.