Last updated on 2025-10-24 05:50:39 CEST.
| Flavor | Version | Tinstall | Tcheck | Ttotal | Status | Flags |
|---|---|---|---|---|---|---|
| r-devel-linux-x86_64-debian-clang | 0.3.4 | 29.27 | 28.71 | 57.98 | NOTE | |
| r-devel-linux-x86_64-debian-gcc | 0.3.4 | 20.39 | 22.19 | 42.58 | NOTE | |
| r-devel-linux-x86_64-fedora-clang | 0.3.4 | 104.00 | 3.16 | 107.16 | NOTE | |
| r-devel-linux-x86_64-fedora-gcc | 0.3.4 | 78.00 | 18.85 | 96.85 | NOTE | |
| r-devel-windows-x86_64 | 0.3.4 | 34.00 | 61.00 | 95.00 | NOTE | |
| r-patched-linux-x86_64 | 0.3.4 | 29.03 | 27.38 | 56.41 | NOTE | |
| r-release-linux-x86_64 | 0.3.4 | 29.75 | 27.00 | 56.75 | NOTE | |
| r-release-macos-arm64 | 0.3.4 | 12.00 | 17.00 | 29.00 | NOTE | |
| r-release-macos-x86_64 | 0.3.4 | 12.00 | 26.00 | 38.00 | NOTE | |
| r-release-windows-x86_64 | 0.3.4 | 34.00 | 71.00 | 105.00 | NOTE | |
| r-oldrel-macos-arm64 | 0.3.4 | 14.00 | 17.00 | 31.00 | NOTE | |
| r-oldrel-macos-x86_64 | 0.3.4 | 12.00 | 22.00 | 34.00 | NOTE | |
| r-oldrel-windows-x86_64 | 0.3.4 | 36.00 | 76.00 | 112.00 | NOTE |
Version: 0.3.4
Check: CRAN incoming feasibility
Result: NOTE
Maintainer: ‘Mikkel Meyer Andersen <mikl@math.aau.dk>’
No Authors@R field in DESCRIPTION.
Please add one, modifying
Authors@R: c(person(given = c("Mikkel", "Meyer"),
family = "Andersen",
role = c("aut", "cre"),
email = "mikl@math.aau.dk"),
person(given = c("Poul", "Svante"),
family = "Eriksen",
role = "aut"))
as necessary.
Flavors: r-devel-linux-x86_64-debian-clang, r-devel-linux-x86_64-debian-gcc
Version: 0.3.4
Check: C++ specification
Result: NOTE
Specified C++11: please drop specification unless essential
Flavors: r-devel-linux-x86_64-debian-clang, r-devel-linux-x86_64-debian-gcc, r-devel-linux-x86_64-fedora-clang, r-devel-linux-x86_64-fedora-gcc, r-devel-windows-x86_64, r-patched-linux-x86_64, r-release-linux-x86_64, r-release-macos-arm64, r-release-macos-x86_64, r-release-windows-x86_64, r-oldrel-macos-arm64, r-oldrel-macos-x86_64, r-oldrel-windows-x86_64
These binaries (installable software) and packages are in development.
They may not be fully stable and should be used with caution. We make no claims about them.