Last updated on 2025-02-16 10:50:46 CET.
Flavor | Version | Tinstall | Tcheck | Ttotal | Status | Flags |
---|---|---|---|---|---|---|
r-devel-linux-x86_64-debian-clang | 2.4.1 | 1.59 | 21.03 | 22.62 | NOTE | |
r-devel-linux-x86_64-debian-gcc | 2.4.1 | 1.33 | 17.18 | 18.51 | NOTE | |
r-devel-linux-x86_64-fedora-clang | 2.4.1 | 37.98 | OK | |||
r-devel-linux-x86_64-fedora-gcc | 2.4.1 | 48.34 | OK | |||
r-devel-macos-arm64 | 2.4.1 | 20.00 | OK | |||
r-devel-macos-x86_64 | 2.4.1 | 39.00 | OK | |||
r-devel-windows-x86_64 | 2.4.1 | 3.00 | 56.00 | 59.00 | OK | |
r-patched-linux-x86_64 | 2.4.1 | 1.49 | 20.51 | 22.00 | NOTE | |
r-release-linux-x86_64 | 2.4.1 | 1.42 | 20.50 | 21.92 | NOTE | |
r-release-macos-arm64 | 2.4.1 | 23.00 | OK | |||
r-release-macos-x86_64 | 2.4.1 | 32.00 | OK | |||
r-release-windows-x86_64 | 2.4.1 | 2.00 | 48.00 | 50.00 | OK | |
r-oldrel-macos-arm64 | 2.4.1 | 30.00 | OK | |||
r-oldrel-macos-x86_64 | 2.4.1 | 76.00 | OK | |||
r-oldrel-windows-x86_64 | 2.4.1 | 4.00 | 44.00 | 48.00 | OK |
Version: 2.4.1
Check: R code for possible problems
Result: NOTE
Found the following calls to attach():
File ‘g.data/R/g.data.attach.R’:
attach(NULL, pos, basename(dir))
See section ‘Good practice’ in ‘?attach’.
Flavors: r-devel-linux-x86_64-debian-clang, r-devel-linux-x86_64-debian-gcc, r-patched-linux-x86_64, r-release-linux-x86_64
These binaries (installable software) and packages are in development.
They may not be fully stable and should be used with caution. We make no claims about them.