Last updated on 2025-02-16 10:50:46 CET.
Flavor | Version | Tinstall | Tcheck | Ttotal | Status | Flags |
---|---|---|---|---|---|---|
r-devel-linux-x86_64-debian-clang | 1.2.0 | 17.88 | 164.85 | 182.73 | OK | |
r-devel-linux-x86_64-debian-gcc | 1.2.0 | 13.30 | 115.19 | 128.49 | OK | |
r-devel-linux-x86_64-fedora-clang | 1.2.0 | 283.17 | OK | |||
r-devel-linux-x86_64-fedora-gcc | 1.2.0 | 266.01 | OK | |||
r-devel-macos-arm64 | 1.2.0 | 5.00 | ERROR | |||
r-devel-macos-x86_64 | 1.2.0 | 150.00 | OK | |||
r-devel-windows-x86_64 | 1.2.0 | 18.00 | 152.00 | 170.00 | OK | |
r-patched-linux-x86_64 | 1.2.0 | 18.80 | 146.44 | 165.24 | OK | |
r-release-linux-x86_64 | 1.2.0 | 17.35 | 145.98 | 163.33 | OK | |
r-release-macos-arm64 | 1.2.0 | 74.00 | OK | |||
r-release-macos-x86_64 | 1.2.0 | 173.00 | OK | |||
r-release-windows-x86_64 | 1.2.0 | 19.00 | 146.00 | 165.00 | OK | |
r-oldrel-macos-arm64 | 1.2.0 | 77.00 | OK | |||
r-oldrel-macos-x86_64 | 1.2.0 | 138.00 | OK | |||
r-oldrel-windows-x86_64 | 1.2.0 | 25.00 | 186.00 | 211.00 | OK |
Version: 1.2.0
Check: package dependencies
Result: ERROR
Package required but not available: ‘org.Hs.eg.db’
See section ‘The DESCRIPTION file’ in the ‘Writing R Extensions’
manual.
Flavor: r-devel-macos-arm64
These binaries (installable software) and packages are in development.
They may not be fully stable and should be used with caution. We make no claims about them.