Last updated on 2025-11-11 15:50:34 CET.
| Flavor | Version | Tinstall | Tcheck | Ttotal | Status | Flags |
|---|---|---|---|---|---|---|
| r-devel-linux-x86_64-debian-clang | 1.2.0 | 17.89 | 165.12 | 183.01 | OK | |
| r-devel-linux-x86_64-debian-gcc | 1.2.0 | 14.24 | 117.75 | 131.99 | OK | |
| r-devel-linux-x86_64-fedora-clang | 1.2.0 | 82.00 | 213.84 | 295.84 | OK | |
| r-devel-linux-x86_64-fedora-gcc | 1.2.0 | 37.00 | 226.02 | 263.02 | OK | |
| r-devel-windows-x86_64 | 1.2.0 | 21.00 | 147.00 | 168.00 | OK | |
| r-patched-linux-x86_64 | 1.2.0 | 18.24 | 155.70 | 173.94 | OK | |
| r-release-linux-x86_64 | 1.2.0 | 19.42 | 156.56 | 175.98 | OK | |
| r-release-macos-arm64 | 1.2.0 | 5.00 | ERROR | |||
| r-release-macos-x86_64 | 1.2.0 | 17.00 | 123.00 | 140.00 | OK | |
| r-release-windows-x86_64 | 1.2.0 | 20.00 | 156.00 | 176.00 | OK | |
| r-oldrel-macos-arm64 | 1.2.0 | 9.00 | 65.00 | 74.00 | OK | |
| r-oldrel-macos-x86_64 | 1.2.0 | 22.00 | 151.00 | 173.00 | OK | |
| r-oldrel-windows-x86_64 | 1.2.0 | 25.00 | 187.00 | 212.00 | OK |
Version: 1.2.0
Check: package dependencies
Result: ERROR
Package required but not available: ‘org.Hs.eg.db’
See section ‘The DESCRIPTION file’ in the ‘Writing R Extensions’
manual.
Flavor: r-release-macos-arm64
These binaries (installable software) and packages are in development.
They may not be fully stable and should be used with caution. We make no claims about them.