Last updated on 2025-07-17 21:50:46 CEST.
Flavor | Version | Tinstall | Tcheck | Ttotal | Status | Flags |
---|---|---|---|---|---|---|
r-devel-linux-x86_64-debian-clang | 1.2.0 | 19.77 | 162.07 | 181.84 | OK | |
r-devel-linux-x86_64-debian-gcc | 1.2.0 | 13.89 | 116.95 | 130.84 | OK | |
r-devel-linux-x86_64-fedora-clang | 1.2.0 | 279.65 | OK | |||
r-devel-linux-x86_64-fedora-gcc | 1.2.0 | 279.05 | OK | |||
r-devel-windows-x86_64 | 1.2.0 | 19.00 | 150.00 | 169.00 | OK | |
r-patched-linux-x86_64 | 1.2.0 | 17.41 | 153.07 | 170.48 | OK | |
r-release-linux-x86_64 | 1.2.0 | 17.95 | 157.27 | 175.22 | OK | |
r-release-macos-arm64 | 1.2.0 | 5.00 | ERROR | |||
r-release-macos-x86_64 | 1.2.0 | 140.00 | OK | |||
r-release-windows-x86_64 | 1.2.0 | 18.00 | 149.00 | 167.00 | OK | |
r-oldrel-macos-arm64 | 1.2.0 | 74.00 | OK | |||
r-oldrel-macos-x86_64 | 1.2.0 | 173.00 | OK | |||
r-oldrel-windows-x86_64 | 1.2.0 | 26.00 | 188.00 | 214.00 | OK |
Version: 1.2.0
Check: package dependencies
Result: ERROR
Package required but not available: ‘org.Hs.eg.db’
See section ‘The DESCRIPTION file’ in the ‘Writing R Extensions’
manual.
Flavor: r-release-macos-arm64
These binaries (installable software) and packages are in development.
They may not be fully stable and should be used with caution. We make no claims about them.