Last updated on 2025-05-01 14:49:10 CEST.
Flavor | Version | Tinstall | Tcheck | Ttotal | Status | Flags |
---|---|---|---|---|---|---|
r-devel-linux-x86_64-debian-clang | 1.0.0 | 2.28 | 91.35 | 93.63 | NOTE | |
r-devel-linux-x86_64-debian-gcc | 1.0.0 | 1.62 | 75.31 | 76.93 | NOTE | |
r-devel-linux-x86_64-fedora-clang | 1.0.0 | 149.87 | OK | |||
r-devel-linux-x86_64-fedora-gcc | 1.0.0 | 172.85 | OK | |||
r-devel-windows-x86_64 | 1.0.0 | 3.00 | 128.00 | 131.00 | OK | |
r-patched-linux-x86_64 | 1.0.0 | 2.29 | 87.75 | 90.04 | OK | |
r-release-linux-x86_64 | OK | |||||
r-release-macos-arm64 | 1.0.0 | 62.00 | OK | |||
r-release-macos-x86_64 | 1.0.0 | 121.00 | OK | |||
r-release-windows-x86_64 | 1.0.0 | 4.00 | 130.00 | 134.00 | OK | |
r-oldrel-macos-arm64 | 1.0.0 | 59.00 | OK | |||
r-oldrel-macos-x86_64 | 1.0.0 | 106.00 | OK | |||
r-oldrel-windows-x86_64 | 1.0.0 | 4.00 | 143.00 | 147.00 | OK |
Version: 1.0.0
Check: CRAN incoming feasibility
Result: NOTE
Maintainer: ‘Jonathan Bartlett <jonathan.bartlett1@lshtm.ac.uk>’
The Description field contains
<arXiv:2301.12026>. It creates multiple synthetic imputed datasets
Please refer to arXiv e-prints via their arXiv DOI <doi:10.48550/arXiv.YYMM.NNNNN>.
Flavors: r-devel-linux-x86_64-debian-clang, r-devel-linux-x86_64-debian-gcc
Version: 1.0.0
Check: examples
Result: NOTE
Examples with CPU (user + system) or elapsed time > 5s
user system elapsed
gFormulaImpute 4.003 0.197 5.646
Flavor: r-devel-linux-x86_64-debian-clang
These binaries (installable software) and packages are in development.
They may not be fully stable and should be used with caution. We make no claims about them.