CRAN Package Check Results for Package gIPFrm

Last updated on 2025-10-09 21:50:18 CEST.

Flavor Version Tinstall Tcheck Ttotal Status Flags
r-devel-linux-x86_64-debian-clang 3.1 1.77 19.99 21.76 NOTE
r-devel-linux-x86_64-debian-gcc 3.1 1.40 16.17 17.57 NOTE
r-devel-linux-x86_64-fedora-clang 3.1 32.84 OK
r-devel-linux-x86_64-fedora-gcc 3.1 30.35 OK
r-devel-windows-x86_64 3.1 3.00 39.00 42.00 OK
r-patched-linux-x86_64 3.1 1.90 18.63 20.53 OK
r-release-linux-x86_64 3.1 1.69 19.02 20.71 OK
r-release-macos-arm64 3.1 17.00 OK
r-release-macos-x86_64 3.1 25.00 OK
r-release-windows-x86_64 3.1 3.00 41.00 44.00 OK
r-oldrel-macos-arm64 3.1 14.00 OK
r-oldrel-macos-x86_64 3.1 19.00 OK
r-oldrel-windows-x86_64 3.1 3.00 37.00 40.00 OK

Check Details

Version: 3.1
Check: CRAN incoming feasibility
Result: NOTE Maintainer: ‘Anna Klimova <aklimova25@gmail.com>’ No Authors@R field in DESCRIPTION. Please add one, modifying Authors@R: c(person(given = "Anna", family = "Klimova", role = c("aut", "cre"), email = "aklimova25@gmail.com"), person(given = "Tamas", family = "Rudas", role = "aut")) as necessary. Flavors: r-devel-linux-x86_64-debian-clang, r-devel-linux-x86_64-debian-gcc

These binaries (installable software) and packages are in development.
They may not be fully stable and should be used with caution. We make no claims about them.