CRAN Package Check Results for Package gKRLS

Last updated on 2025-07-25 09:50:48 CEST.

Flavor Version Tinstall Tcheck Ttotal Status Flags
r-devel-linux-x86_64-debian-clang 1.0.4 45.60 161.96 207.56 OK
r-devel-linux-x86_64-debian-gcc 1.0.4 31.40 142.37 173.77 OK
r-devel-linux-x86_64-fedora-clang 1.0.4 341.55 OK
r-devel-linux-x86_64-fedora-gcc 1.0.4 314.48 OK
r-devel-windows-x86_64 1.0.4 48.00 180.00 228.00 OK
r-patched-linux-x86_64 1.0.4 42.77 158.03 200.80 OK
r-release-linux-x86_64 1.0.4 44.37 157.69 202.06 OK
r-release-macos-arm64 1.0.4 102.00 OK
r-release-macos-x86_64 1.0.4 172.00 OK
r-release-windows-x86_64 1.0.4 47.00 184.00 231.00 OK
r-oldrel-macos-arm64 1.0.4 99.00 NOTE
r-oldrel-macos-x86_64 1.0.4 181.00 NOTE
r-oldrel-windows-x86_64 1.0.4 60.00 228.00 288.00 OK

Check Details

Version: 1.0.4
Check: installed package size
Result: NOTE installed size is 7.8Mb sub-directories of 1Mb or more: libs 7.4Mb Flavors: r-oldrel-macos-arm64, r-oldrel-macos-x86_64

These binaries (installable software) and packages are in development.
They may not be fully stable and should be used with caution. We make no claims about them.