Last updated on 2025-10-28 13:50:22 CET.
| Flavor | Version | Tinstall | Tcheck | Ttotal | Status | Flags |
|---|---|---|---|---|---|---|
| r-devel-linux-x86_64-debian-clang | 0.2.0 | 1.55 | 20.15 | 21.70 | OK | |
| r-devel-linux-x86_64-debian-gcc | 0.2.0 | 1.46 | 17.08 | 18.54 | OK | |
| r-devel-linux-x86_64-fedora-clang | 0.2.0 | 31.83 | OK | |||
| r-devel-linux-x86_64-fedora-gcc | 0.2.0 | 29.99 | OK | |||
| r-devel-windows-x86_64 | 0.2.0 | 3.00 | 45.00 | 48.00 | OK | |
| r-patched-linux-x86_64 | 0.2.0 | 1.74 | 19.15 | 20.89 | OK | |
| r-release-linux-x86_64 | 0.2.0 | 1.64 | 19.32 | 20.96 | OK | |
| r-release-macos-arm64 | 0.2.0 | 1.00 | 14.00 | 15.00 | OK | |
| r-release-macos-x86_64 | 0.2.0 | 1.00 | 25.00 | 26.00 | OK | |
| r-release-windows-x86_64 | 0.2.0 | 3.00 | 46.00 | 49.00 | OK | |
| r-oldrel-macos-arm64 | 0.2.0 | 1.00 | 13.00 | 14.00 | NOTE | |
| r-oldrel-macos-x86_64 | 0.2.0 | 1.00 | 19.00 | 20.00 | NOTE | |
| r-oldrel-windows-x86_64 | 0.2.0 | 3.00 | 50.00 | 53.00 | NOTE |
Version: 0.2.0
Check: LazyData
Result: NOTE
'LazyData' is specified without a 'data' directory
Flavors: r-oldrel-macos-arm64, r-oldrel-macos-x86_64, r-oldrel-windows-x86_64
These binaries (installable software) and packages are in development.
They may not be fully stable and should be used with caution. We make no claims about them.