CRAN Package Check Results for Package gLRTH

Last updated on 2025-05-08 04:52:06 CEST.

Flavor Version Tinstall Tcheck Ttotal Status Flags
r-devel-linux-x86_64-debian-clang 0.2.0 1.60 18.19 19.79 OK
r-devel-linux-x86_64-debian-gcc 0.2.0 1.31 14.81 16.12 OK
r-devel-linux-x86_64-fedora-clang 0.2.0 32.88 OK
r-devel-linux-x86_64-fedora-gcc 0.2.0 30.80 OK
r-devel-windows-x86_64 0.2.0 2.00 46.00 48.00 OK
r-patched-linux-x86_64 0.2.0 1.73 17.80 19.53 OK
r-release-linux-x86_64 0.2.0 1.39 17.45 18.84 OK
r-release-macos-arm64 0.2.0 15.00 OK
r-release-macos-x86_64 0.2.0 26.00 OK
r-release-windows-x86_64 0.2.0 2.00 47.00 49.00 OK
r-oldrel-macos-arm64 0.2.0 14.00 NOTE
r-oldrel-macos-x86_64 0.2.0 20.00 NOTE
r-oldrel-windows-x86_64 0.2.0 3.00 45.00 48.00 NOTE

Check Details

Version: 0.2.0
Check: LazyData
Result: NOTE 'LazyData' is specified without a 'data' directory Flavors: r-oldrel-macos-arm64, r-oldrel-macos-x86_64, r-oldrel-windows-x86_64

These binaries (installable software) and packages are in development.
They may not be fully stable and should be used with caution. We make no claims about them.