Last updated on 2025-02-16 10:50:47 CET.
Flavor | Version | Tinstall | Tcheck | Ttotal | Status | Flags |
---|---|---|---|---|---|---|
r-devel-linux-x86_64-debian-clang | 1.5.4 | 10.29 | 236.80 | 247.09 | NOTE | |
r-devel-linux-x86_64-debian-gcc | 1.5.4 | 7.04 | 173.17 | 180.21 | NOTE | |
r-devel-linux-x86_64-fedora-clang | 1.5.4 | 407.91 | NOTE | |||
r-devel-linux-x86_64-fedora-gcc | 1.5.4 | 382.37 | NOTE | |||
r-devel-macos-arm64 | 1.5.4 | 125.00 | OK | |||
r-devel-macos-x86_64 | 1.5.4 | 227.00 | NOTE | |||
r-devel-windows-x86_64 | 1.5.4 | 12.00 | 221.00 | 233.00 | NOTE | |
r-patched-linux-x86_64 | 1.5.4 | 10.23 | 227.90 | 238.13 | OK | |
r-release-linux-x86_64 | 1.5.4 | 9.30 | 225.08 | 234.38 | OK | |
r-release-macos-arm64 | 1.5.4 | 113.00 | NOTE | |||
r-release-macos-x86_64 | 1.5.4 | 192.00 | NOTE | |||
r-release-windows-x86_64 | 1.5.4 | 13.00 | 302.00 | 315.00 | NOTE | |
r-oldrel-macos-arm64 | 1.5.4 | 106.00 | NOTE | |||
r-oldrel-macos-x86_64 | 1.5.4 | 179.00 | NOTE | |||
r-oldrel-windows-x86_64 | 1.5.4 | 14.00 | 304.00 | 318.00 | NOTE |
Version: 1.5.4
Check: DESCRIPTION meta-information
Result: NOTE
Missing dependency on R >= 4.1.0 because package code uses the pipe
|> or function shorthand \(...) syntax added in R 4.1.0.
File(s) using such syntax:
‘ndset.R’
Flavors: r-devel-linux-x86_64-debian-clang, r-devel-linux-x86_64-debian-gcc, r-devel-linux-x86_64-fedora-clang, r-devel-linux-x86_64-fedora-gcc, r-devel-macos-x86_64, r-devel-windows-x86_64
Version: 1.5.4
Check: installed package size
Result: NOTE
installed size is 6.3Mb
sub-directories of 1Mb or more:
doc 5.0Mb
Flavors: r-release-macos-arm64, r-release-macos-x86_64, r-release-windows-x86_64, r-oldrel-macos-arm64, r-oldrel-macos-x86_64, r-oldrel-windows-x86_64
These binaries (installable software) and packages are in development.
They may not be fully stable and should be used with caution. We make no claims about them.