Last updated on 2025-05-01 15:49:32 CEST.
Flavor | Version | Tinstall | Tcheck | Ttotal | Status | Flags |
---|---|---|---|---|---|---|
r-devel-linux-x86_64-debian-clang | 0.7.0 | 2.20 | 18.49 | 20.69 | NOTE | |
r-devel-linux-x86_64-debian-gcc | 0.7.0 | 1.69 | 14.88 | 16.57 | NOTE | |
r-devel-linux-x86_64-fedora-clang | 0.7.0 | 33.44 | OK | |||
r-devel-linux-x86_64-fedora-gcc | 0.7.0 | 31.13 | OK | |||
r-devel-windows-x86_64 | 0.7.0 | 3.00 | 43.00 | 46.00 | OK | |
r-patched-linux-x86_64 | 0.7.0 | 2.08 | 17.43 | 19.51 | OK | |
r-release-linux-x86_64 | OK | |||||
r-release-macos-arm64 | 0.7.0 | 21.00 | OK | |||
r-release-macos-x86_64 | 0.7.0 | 36.00 | OK | |||
r-release-windows-x86_64 | 0.7.0 | 3.00 | 46.00 | 49.00 | OK | |
r-oldrel-macos-arm64 | 0.7.0 | 20.00 | OK | |||
r-oldrel-macos-x86_64 | 0.7.0 | 31.00 | OK | |||
r-oldrel-windows-x86_64 | 0.7.0 | 4.00 | 42.00 | 46.00 | OK |
Version: 0.7.0
Check: CRAN incoming feasibility
Result: NOTE
Maintainer: ‘Ivan Kuzmin <ivan.kuzmin@ut.ee>’
No Authors@R field in DESCRIPTION.
Please add one, modifying
Authors@R: c(person(given = "Juri",
family = "Reimand",
role = "aut",
email = "juri.reimand@ut.ee"),
person(given = "Raivo",
family = "Kolde",
role = "aut",
email = "rkolde@gmail.com"),
person(given = "Tambet",
family = "Arak",
role = "aut",
email = "tambet.arak@gmail.com"),
person(given = "Ivan",
family = "Kuzmin",
role = "cre",
email = "ivan.kuzmin@ut.ee"))
as necessary.
Flavors: r-devel-linux-x86_64-debian-clang, r-devel-linux-x86_64-debian-gcc
These binaries (installable software) and packages are in development.
They may not be fully stable and should be used with caution. We make no claims about them.