CRAN Package Check Results for Package gRain

Last updated on 2025-10-03 01:49:47 CEST.

Flavor Version Tinstall Tcheck Ttotal Status Flags
r-devel-linux-x86_64-debian-clang 1.4.5 33.10 118.84 151.94 NOTE
r-devel-linux-x86_64-debian-gcc 1.4.5 23.79 83.84 107.63 NOTE
r-devel-linux-x86_64-fedora-clang 1.4.5 268.58 OK
r-devel-linux-x86_64-fedora-gcc 1.4.5 246.68 OK
r-devel-windows-x86_64 1.4.5 45.00 138.00 183.00 OK
r-patched-linux-x86_64 1.4.5 37.69 112.36 150.05 NOTE
r-release-linux-x86_64 1.4.5 36.29 110.29 146.58 NOTE
r-release-macos-arm64 1.4.5 83.00 OK
r-release-macos-x86_64 1.4.5 144.00 OK
r-release-windows-x86_64 1.4.5 40.00 138.00 178.00 OK
r-oldrel-macos-arm64 1.4.5 70.00 OK
r-oldrel-macos-x86_64 1.4.5 121.00 OK
r-oldrel-windows-x86_64 1.4.5 57.00 173.00 230.00 OK

Check Details

Version: 1.4.5
Check: for unstated dependencies in ‘demo’
Result: NOTE 'library' or 'require' call not declared from: ‘Rgraphviz’ Flavors: r-devel-linux-x86_64-debian-clang, r-devel-linux-x86_64-debian-gcc, r-patched-linux-x86_64, r-release-linux-x86_64

These binaries (installable software) and packages are in development.
They may not be fully stable and should be used with caution. We make no claims about them.