Last updated on 2025-05-08 04:52:06 CEST.
Flavor | Version | Tinstall | Tcheck | Ttotal | Status | Flags |
---|---|---|---|---|---|---|
r-devel-linux-x86_64-debian-clang | 1.4.5 | 35.82 | 117.98 | 153.80 | NOTE | |
r-devel-linux-x86_64-debian-gcc | 1.4.5 | 24.67 | 84.32 | 108.99 | NOTE | |
r-devel-linux-x86_64-fedora-clang | 1.4.5 | 275.10 | OK | |||
r-devel-linux-x86_64-fedora-gcc | 1.4.5 | 262.36 | OK | |||
r-devel-windows-x86_64 | 1.4.5 | 44.00 | 143.00 | 187.00 | OK | |
r-patched-linux-x86_64 | 1.4.5 | 36.35 | 109.78 | 146.13 | NOTE | |
r-release-linux-x86_64 | 1.4.5 | 38.89 | 110.58 | 149.47 | NOTE | |
r-release-macos-arm64 | 1.4.5 | 83.00 | OK | |||
r-release-macos-x86_64 | 1.4.5 | 144.00 | OK | |||
r-release-windows-x86_64 | 1.4.5 | 49.00 | 133.00 | 182.00 | OK | |
r-oldrel-macos-arm64 | 1.4.5 | 70.00 | OK | |||
r-oldrel-macos-x86_64 | 1.4.5 | 121.00 | OK | |||
r-oldrel-windows-x86_64 | 1.4.5 | 57.00 | 172.00 | 229.00 | OK |
Version: 1.4.5
Check: for unstated dependencies in ‘demo’
Result: NOTE
'library' or 'require' call not declared from: ‘Rgraphviz’
Flavors: r-devel-linux-x86_64-debian-clang, r-devel-linux-x86_64-debian-gcc, r-patched-linux-x86_64, r-release-linux-x86_64
These binaries (installable software) and packages are in development.
They may not be fully stable and should be used with caution. We make no claims about them.