Last updated on 2025-02-16 10:50:47 CET.
Flavor | Version | Tinstall | Tcheck | Ttotal | Status | Flags |
---|---|---|---|---|---|---|
r-devel-linux-x86_64-debian-clang | 1.4.5 | 35.24 | 112.58 | 147.82 | NOTE | |
r-devel-linux-x86_64-debian-gcc | 1.4.5 | 26.65 | 82.21 | 108.86 | NOTE | |
r-devel-linux-x86_64-fedora-clang | 1.4.5 | 260.80 | OK | |||
r-devel-linux-x86_64-fedora-gcc | 1.4.5 | 259.84 | OK | |||
r-devel-macos-arm64 | 1.4.5 | 84.00 | OK | |||
r-devel-macos-x86_64 | 1.4.5 | 144.00 | OK | |||
r-devel-windows-x86_64 | 1.4.5 | 41.00 | 136.00 | 177.00 | OK | |
r-patched-linux-x86_64 | 1.4.5 | 36.72 | 105.58 | 142.30 | OK | |
r-release-linux-x86_64 | 1.4.5 | 34.59 | 104.36 | 138.95 | OK | |
r-release-macos-arm64 | 1.4.5 | 70.00 | OK | |||
r-release-macos-x86_64 | 1.4.5 | 121.00 | OK | |||
r-release-windows-x86_64 | 1.4.5 | 43.00 | 144.00 | 187.00 | OK | |
r-oldrel-macos-arm64 | 1.4.5 | 74.00 | OK | |||
r-oldrel-macos-x86_64 | 1.4.5 | 114.00 | OK | |||
r-oldrel-windows-x86_64 | 1.4.5 | 52.00 | 162.00 | 214.00 | OK |
Version: 1.4.5
Check: for unstated dependencies in ‘demo’
Result: NOTE
'library' or 'require' call not declared from: ‘Rgraphviz’
Flavors: r-devel-linux-x86_64-debian-clang, r-devel-linux-x86_64-debian-gcc
These binaries (installable software) and packages are in development.
They may not be fully stable and should be used with caution. We make no claims about them.