Last updated on 2025-11-12 19:51:50 CET.
| Flavor | Version | Tinstall | Tcheck | Ttotal | Status | Flags |
|---|---|---|---|---|---|---|
| r-devel-linux-x86_64-debian-clang | 1.4.5 | 34.38 | 116.94 | 151.32 | NOTE | |
| r-devel-linux-x86_64-debian-gcc | 1.4.5 | 25.07 | 82.87 | 107.94 | NOTE | |
| r-devel-linux-x86_64-fedora-clang | 1.4.5 | 85.00 | 172.88 | 257.88 | OK | |
| r-devel-linux-x86_64-fedora-gcc | 1.4.5 | 79.00 | 170.41 | 249.41 | OK | |
| r-devel-windows-x86_64 | 1.4.5 | 42.00 | 137.00 | 179.00 | OK | |
| r-patched-linux-x86_64 | 1.4.5 | 38.86 | 112.63 | 151.49 | NOTE | |
| r-release-linux-x86_64 | 1.4.5 | 36.15 | 111.24 | 147.39 | NOTE | |
| r-release-macos-arm64 | 1.4.5 | 17.00 | 66.00 | 83.00 | OK | |
| r-release-macos-x86_64 | 1.4.5 | 29.00 | 115.00 | 144.00 | OK | |
| r-release-windows-x86_64 | 1.4.5 | 47.00 | 136.00 | 183.00 | OK | |
| r-oldrel-macos-arm64 | 1.4.5 | 15.00 | 55.00 | 70.00 | OK | |
| r-oldrel-macos-x86_64 | 1.4.5 | 22.00 | 99.00 | 121.00 | OK | |
| r-oldrel-windows-x86_64 | 1.4.5 | 58.00 | 172.00 | 230.00 | OK |
Version: 1.4.5
Check: for unstated dependencies in ‘demo’
Result: NOTE
'library' or 'require' call not declared from: ‘Rgraphviz’
Flavors: r-devel-linux-x86_64-debian-clang, r-devel-linux-x86_64-debian-gcc, r-patched-linux-x86_64, r-release-linux-x86_64
These binaries (installable software) and packages are in development.
They may not be fully stable and should be used with caution. We make no claims about them.