CRAN Package Check Results for Package gRbase

Last updated on 2025-07-11 13:48:28 CEST.

Flavor Version Tinstall Tcheck Ttotal Status Flags
r-devel-linux-x86_64-debian-clang 2.0.3 187.64 116.69 304.33 OK
r-devel-linux-x86_64-debian-gcc 2.0.3 140.22 83.35 223.57 OK
r-devel-linux-x86_64-fedora-clang 2.0.3 561.90 OK
r-devel-linux-x86_64-fedora-gcc 2.0.3 564.58 OK
r-devel-windows-x86_64 2.0.3 220.00 156.00 376.00 OK
r-patched-linux-x86_64 2.0.3 206.98 108.05 315.03 OK
r-release-linux-x86_64 2.0.3 195.87 108.61 304.48 OK
r-release-macos-arm64 2.0.3 130.00 OK
r-release-macos-x86_64 2.0.3 171.00 OK
r-release-windows-x86_64 2.0.3 219.00 161.00 380.00 OK
r-oldrel-macos-arm64 2.0.3 127.00 NOTE
r-oldrel-macos-x86_64 2.0.3 183.00 NOTE
r-oldrel-windows-x86_64 2.0.3 269.00 193.00 462.00 NOTE

Check Details

Version: 2.0.3
Check: installed package size
Result: NOTE installed size is 15.7Mb sub-directories of 1Mb or more: data 3.9Mb libs 10.5Mb Flavors: r-oldrel-macos-arm64, r-oldrel-macos-x86_64, r-oldrel-windows-x86_64

These binaries (installable software) and packages are in development.
They may not be fully stable and should be used with caution. We make no claims about them.