Last updated on 2025-02-16 10:50:47 CET.
Flavor | Version | Tinstall | Tcheck | Ttotal | Status | Flags |
---|---|---|---|---|---|---|
r-devel-linux-x86_64-debian-clang | 2.0.3 | 191.23 | 109.52 | 300.75 | OK | |
r-devel-linux-x86_64-debian-gcc | 2.0.3 | 141.04 | 81.96 | 223.00 | OK | |
r-devel-linux-x86_64-fedora-clang | 2.0.3 | 577.30 | OK | |||
r-devel-linux-x86_64-fedora-gcc | 2.0.3 | 618.35 | OK | |||
r-devel-macos-arm64 | 2.0.3 | 124.00 | OK | |||
r-devel-macos-x86_64 | 2.0.3 | 167.00 | OK | |||
r-devel-windows-x86_64 | 2.0.3 | 207.00 | 155.00 | 362.00 | OK | |
r-patched-linux-x86_64 | 2.0.3 | 197.37 | 105.26 | 302.63 | OK | |
r-release-linux-x86_64 | 2.0.3 | 190.29 | 105.85 | 296.14 | OK | |
r-release-macos-arm64 | 2.0.3 | 127.00 | NOTE | |||
r-release-macos-x86_64 | 2.0.3 | 183.00 | NOTE | |||
r-release-windows-x86_64 | 2.0.3 | 209.00 | 154.00 | 363.00 | NOTE | |
r-oldrel-macos-arm64 | 2.0.3 | 125.00 | NOTE | |||
r-oldrel-macos-x86_64 | 2.0.3 | 173.00 | NOTE | |||
r-oldrel-windows-x86_64 | 2.0.3 | 246.00 | 183.00 | 429.00 | NOTE |
Version: 2.0.3
Check: installed package size
Result: NOTE
installed size is 15.7Mb
sub-directories of 1Mb or more:
data 3.9Mb
libs 10.5Mb
Flavors: r-release-macos-arm64, r-release-macos-x86_64, r-release-windows-x86_64, r-oldrel-macos-arm64, r-oldrel-macos-x86_64, r-oldrel-windows-x86_64
These binaries (installable software) and packages are in development.
They may not be fully stable and should be used with caution. We make no claims about them.