Last updated on 2025-05-21 21:49:18 CEST.
Flavor | Version | Tinstall | Tcheck | Ttotal | Status | Flags |
---|---|---|---|---|---|---|
r-devel-linux-x86_64-debian-clang | 2.0.3 | 193.95 | 113.83 | 307.78 | OK | |
r-devel-linux-x86_64-debian-gcc | 2.0.3 | 141.31 | 84.70 | 226.01 | OK | |
r-devel-linux-x86_64-fedora-clang | 2.0.3 | 573.95 | OK | |||
r-devel-linux-x86_64-fedora-gcc | 2.0.3 | 626.41 | OK | |||
r-devel-windows-x86_64 | 2.0.3 | 225.00 | 178.00 | 403.00 | OK | |
r-patched-linux-x86_64 | 2.0.3 | 196.31 | 109.01 | 305.32 | OK | |
r-release-linux-x86_64 | 2.0.3 | 201.47 | 108.62 | 310.09 | OK | |
r-release-macos-arm64 | 2.0.3 | 130.00 | OK | |||
r-release-macos-x86_64 | 2.0.3 | 171.00 | OK | |||
r-release-windows-x86_64 | 2.0.3 | 227.00 | 180.00 | 407.00 | OK | |
r-oldrel-macos-arm64 | 2.0.3 | 127.00 | NOTE | |||
r-oldrel-macos-x86_64 | 2.0.3 | 183.00 | NOTE | |||
r-oldrel-windows-x86_64 | 2.0.3 | 262.00 | 190.00 | 452.00 | NOTE |
Version: 2.0.3
Check: installed package size
Result: NOTE
installed size is 15.7Mb
sub-directories of 1Mb or more:
data 3.9Mb
libs 10.5Mb
Flavors: r-oldrel-macos-arm64, r-oldrel-macos-x86_64, r-oldrel-windows-x86_64
These binaries (installable software) and packages are in development.
They may not be fully stable and should be used with caution. We make no claims about them.