Last updated on 2024-07-27 15:50:19 CEST.
Flavor | Version | Tinstall | Tcheck | Ttotal | Status | Flags |
---|---|---|---|---|---|---|
r-devel-linux-x86_64-debian-clang | 0.5.0 | 35.05 | 99.00 | 134.05 | OK | |
r-devel-linux-x86_64-debian-gcc | 0.5.0 | NOTE | ||||
r-devel-linux-x86_64-fedora-clang | 0.5.0 | 183.14 | OK | |||
r-devel-linux-x86_64-fedora-gcc | 0.5.0 | 164.56 | OK | |||
r-devel-windows-x86_64 | 0.5.0 | 32.00 | 105.00 | 137.00 | NOTE | |
r-patched-linux-x86_64 | 0.5.0 | OK | ||||
r-release-linux-x86_64 | 0.5.0 | 30.72 | 90.99 | 121.71 | OK | |
r-release-macos-arm64 | 0.5.0 | 45.00 | OK | |||
r-release-macos-x86_64 | 0.5.0 | 65.00 | OK | |||
r-release-windows-x86_64 | 0.5.0 | 35.00 | 100.00 | 135.00 | OK | |
r-oldrel-macos-arm64 | 0.5.0 | 52.00 | OK | |||
r-oldrel-macos-x86_64 | 0.5.0 | 102.00 | OK | |||
r-oldrel-windows-x86_64 | 0.5.0 | 37.00 | 129.00 | 166.00 | OK |
Version: 0.5.0
Check: Rd cross-references
Result: NOTE
Found the following Rd file(s) with Rd \link{} targets missing package
anchors:
fit-doc.Rd: fit
Please provide package anchors for all Rd \link{} targets not in the
package itself and the base packages.
Flavors: r-devel-linux-x86_64-debian-gcc, r-devel-windows-x86_64
These binaries (installable software) and packages are in development.
They may not be fully stable and should be used with caution. We make no claims about them.