CRAN Package Check Results for Package gSeg

Last updated on 2025-07-02 01:51:39 CEST.

Flavor Version Tinstall Tcheck Ttotal Status Flags
r-devel-linux-x86_64-debian-clang 1.0 12.83 52.72 65.55 NOTE
r-devel-linux-x86_64-debian-gcc 1.0 7.68 34.35 42.03 NOTE
r-devel-linux-x86_64-fedora-clang 1.0 102.01 OK
r-devel-linux-x86_64-fedora-gcc 1.0 94.36 OK
r-devel-windows-x86_64 1.0 11.00 64.00 75.00 OK
r-patched-linux-x86_64 OK
r-release-linux-x86_64 1.0 9.85 49.49 59.34 OK
r-release-macos-arm64 1.0 29.00 OK
r-release-macos-x86_64 1.0 51.00 OK
r-release-windows-x86_64 1.0 11.00 70.00 81.00 OK
r-oldrel-macos-arm64 1.0 26.00 OK
r-oldrel-macos-x86_64 1.0 41.00 OK
r-oldrel-windows-x86_64 1.0 15.00 71.00 86.00 OK

Check Details

Version: 1.0
Check: CRAN incoming feasibility
Result: NOTE Maintainer: ‘Hao Chen <hxchen@ucdavis.edu>’ No Authors@R field in DESCRIPTION. Please add one, modifying Authors@R: c(person(given = "Hao", family = "Chen", role = c("aut", "cre"), email = "hxchen@ucdavis.edu"), person(given = c("Nancy", "R."), family = "Zhang", role = "aut"), person(given = "Lynna", family = "Chu", role = "aut"), person(given = "Hoseung", family = "Song", role = "aut")) as necessary. Flavors: r-devel-linux-x86_64-debian-clang, r-devel-linux-x86_64-debian-gcc

These binaries (installable software) and packages are in development.
They may not be fully stable and should be used with caution. We make no claims about them.