CRAN Package Check Results for Package gStream

Last updated on 2025-11-11 15:50:35 CET.

Flavor Version Tinstall Tcheck Ttotal Status Flags
r-devel-linux-x86_64-debian-clang 0.2.0 17.28 36.83 54.11 NOTE
r-devel-linux-x86_64-debian-gcc 0.2.0 8.24 25.43 33.67 NOTE
r-devel-linux-x86_64-fedora-clang 0.2.0 39.00 46.33 85.33 OK
r-devel-linux-x86_64-fedora-gcc 0.2.0 32.00 44.50 76.50 OK
r-devel-windows-x86_64 0.2.0 14.00 45.00 59.00 OK
r-patched-linux-x86_64 0.2.0 15.44 34.96 50.40 OK
r-release-linux-x86_64 0.2.0 14.19 34.54 48.73 OK
r-release-macos-arm64 0.2.0 6.00 19.00 25.00 OK
r-release-macos-x86_64 0.2.0 12.00 30.00 42.00 OK
r-release-windows-x86_64 0.2.0 13.00 43.00 56.00 OK
r-oldrel-macos-arm64 0.2.0 6.00 16.00 22.00 OK
r-oldrel-macos-x86_64 0.2.0 10.00 24.00 34.00 OK
r-oldrel-windows-x86_64 0.2.0 14.00 45.00 59.00 OK

Check Details

Version: 0.2.0
Check: CRAN incoming feasibility
Result: NOTE Maintainer: ‘Hao Chen <hxchen@ucdavis.edu>’ No Authors@R field in DESCRIPTION. Please add one, modifying Authors@R: c(person(given = "Hao", family = "Chen", role = c("aut", "cre"), email = "hxchen@ucdavis.edu"), person(given = "Lynna", family = "Chu", role = "aut")) as necessary. The Description field contains high-dimensional and non-Euclidean data <arXiv:1810.05973>. Please refer to arXiv e-prints via their arXiv DOI <doi:10.48550/arXiv.YYMM.NNNNN>. Flavors: r-devel-linux-x86_64-debian-clang, r-devel-linux-x86_64-debian-gcc

These binaries (installable software) and packages are in development.
They may not be fully stable and should be used with caution. We make no claims about them.