Last updated on 2025-05-01 14:49:11 CEST.
Flavor | Version | Tinstall | Tcheck | Ttotal | Status | Flags |
---|---|---|---|---|---|---|
r-devel-linux-x86_64-debian-clang | 3.0.5 | 15.74 | 702.92 | 718.66 | NOTE | |
r-devel-linux-x86_64-debian-gcc | 3.0.5 | 11.65 | 486.46 | 498.11 | OK | |
r-devel-linux-x86_64-fedora-clang | 3.0.5 | 1181.94 | OK | |||
r-devel-linux-x86_64-fedora-gcc | 3.0.5 | 1155.18 | OK | |||
r-devel-windows-x86_64 | 3.0.5 | 17.00 | 696.00 | 713.00 | OK | |
r-patched-linux-x86_64 | 3.0.5 | 16.03 | 698.00 | 714.03 | OK | |
r-release-linux-x86_64 | OK | |||||
r-release-macos-arm64 | 3.0.5 | 410.00 | OK | |||
r-release-macos-x86_64 | 3.0.5 | 664.00 | OK | |||
r-release-windows-x86_64 | 3.0.5 | 16.00 | 703.00 | 719.00 | OK | |
r-oldrel-macos-arm64 | 3.0.5 | 357.00 | OK | |||
r-oldrel-macos-x86_64 | 3.0.5 | 481.00 | OK | |||
r-oldrel-windows-x86_64 | 3.0.5 | 23.00 | 930.00 | 953.00 | OK |
Version: 3.0.5
Check: examples
Result: NOTE
Examples with CPU (user + system) or elapsed time > 5s
user system elapsed
secondary_functions 4.892 0.013 5.167
methods 4.377 0.181 5.304
Flavor: r-devel-linux-x86_64-debian-clang
These binaries (installable software) and packages are in development.
They may not be fully stable and should be used with caution. We make no claims about them.