CRAN Package Check Results for Package gadget3

Last updated on 2025-10-23 11:50:14 CEST.

Flavor Version Tinstall Tcheck Ttotal Status Flags
r-devel-linux-x86_64-debian-clang 0.14-0 9.25 392.46 401.71 NOTE
r-devel-linux-x86_64-debian-gcc 0.14-0 7.29 246.71 254.00 OK
r-devel-linux-x86_64-fedora-clang 0.14-0 48.00 608.69 656.69 OK
r-devel-linux-x86_64-fedora-gcc 0.14-0 24.00 595.26 619.26 OK
r-devel-windows-x86_64 0.14-0 12.00 356.00 368.00 OK
r-patched-linux-x86_64 0.14-0 12.64 366.65 379.29 OK
r-release-linux-x86_64 0.14-0 11.55 366.27 377.82 OK
r-release-macos-arm64 0.14-0 4.00 152.00 156.00 OK
r-release-macos-x86_64 0.14-0 9.00 330.00 339.00 OK
r-release-windows-x86_64 0.14-0 14.00 355.00 369.00 OK
r-oldrel-macos-arm64 0.14-0 5.00 156.00 161.00 OK
r-oldrel-macos-x86_64 0.14-0 8.00 329.00 337.00 OK
r-oldrel-windows-x86_64 0.14-0 13.00 469.00 482.00 OK

Check Details

Version: 0.14-0
Check: HTML version of manual
Result: NOTE Found the following HTML validation problems: likelihood_tagging_ckmr.html:100:1 (likelihood_tagging_ckmr.Rd:54): Warning: <h4> anchor "obs_data" already defined run_tmb.html:211:1 (run_tmb.Rd:130): Warning: <h4> anchor "g3_tmb_adfun" already defined run_tmb.html:217:1 (run_tmb.Rd:131): Warning: <h4> anchor "g3_tmb_fn" already defined Flavor: r-devel-linux-x86_64-debian-clang

These binaries (installable software) and packages are in development.
They may not be fully stable and should be used with caution. We make no claims about them.