Last updated on 2025-10-23 11:50:14 CEST.
Flavor | Version | Tinstall | Tcheck | Ttotal | Status | Flags |
---|---|---|---|---|---|---|
r-devel-linux-x86_64-debian-clang | 2.1.2 | 11.74 | 124.97 | 136.71 | NOTE | |
r-devel-linux-x86_64-debian-gcc | 2.1.2 | 8.29 | 84.03 | 92.32 | OK | |
r-devel-linux-x86_64-fedora-clang | 2.1.2 | 37.00 | 176.72 | 213.72 | OK | |
r-devel-linux-x86_64-fedora-gcc | 2.1.2 | 27.00 | 189.18 | 216.18 | OK | |
r-devel-windows-x86_64 | 2.1.2 | 14.00 | 128.00 | 142.00 | OK | |
r-patched-linux-x86_64 | 2.1.2 | 12.96 | 113.40 | 126.36 | OK | |
r-release-linux-x86_64 | 2.1.2 | 11.99 | 111.98 | 123.97 | OK | |
r-release-macos-arm64 | 2.1.2 | 5.00 | 63.00 | 68.00 | OK | |
r-release-macos-x86_64 | 2.1.2 | 10.00 | 106.00 | 116.00 | OK | |
r-release-windows-x86_64 | 2.1.2 | 18.00 | 128.00 | 146.00 | OK | |
r-oldrel-macos-arm64 | 2.1.2 | 6.00 | 67.00 | 73.00 | OK | |
r-oldrel-macos-x86_64 | 2.1.2 | 11.00 | 117.00 | 128.00 | OK | |
r-oldrel-windows-x86_64 | 2.1.2 | 17.00 | 163.00 | 180.00 | OK |
Version: 2.1.2
Check: HTML version of manual
Result: NOTE
Found the following HTML validation problems:
count.data_request.html:64:1 (count.data_request.Rd:18): Warning: missing </ul> before </div>
Flavor: r-devel-linux-x86_64-debian-clang
These binaries (installable software) and packages are in development.
They may not be fully stable and should be used with caution. We make no claims about them.