Last updated on 2025-11-27 13:48:36 CET.
| Flavor | Version | Tinstall | Tcheck | Ttotal | Status | Flags |
|---|---|---|---|---|---|---|
| r-devel-linux-x86_64-debian-clang | 0.2.3 | 55.31 | 167.35 | 222.66 | OK | |
| r-devel-linux-x86_64-debian-gcc | 0.3.0 | 42.42 | 128.54 | 170.96 | OK | |
| r-devel-linux-x86_64-fedora-clang | 0.3.0 | 225.00 | 155.96 | 380.96 | NOTE | |
| r-devel-linux-x86_64-fedora-gcc | 0.3.0 | 272.00 | 138.74 | 410.74 | NOTE | |
| r-devel-windows-x86_64 | 0.2.3 | 65.00 | 191.00 | 256.00 | OK | |
| r-patched-linux-x86_64 | 0.2.3 | 58.89 | 165.52 | 224.41 | OK | |
| r-release-linux-x86_64 | 0.2.3 | 59.80 | 165.05 | 224.85 | OK | |
| r-release-macos-arm64 | 0.3.0 | 12.00 | 49.00 | 61.00 | OK | |
| r-release-macos-x86_64 | 0.3.0 | 78.00 | 283.00 | 361.00 | OK | |
| r-release-windows-x86_64 | 0.2.3 | 62.00 | 197.00 | 259.00 | OK | |
| r-oldrel-macos-arm64 | 0.3.0 | 12.00 | 50.00 | 62.00 | NOTE | |
| r-oldrel-macos-x86_64 | 0.3.0 | 101.00 | 327.00 | 428.00 | NOTE | |
| r-oldrel-windows-x86_64 | 0.2.3 | 74.00 | 261.00 | 335.00 | OK |
Version: 0.3.0
Check: dependencies in R code
Result: NOTE
Namespace in Imports field not imported from: ‘rlang’
All declared Imports should be used.
Flavors: r-devel-linux-x86_64-fedora-clang, r-devel-linux-x86_64-fedora-gcc
Version: 0.3.0
Check: installed package size
Result: NOTE
installed size is 25.1Mb
sub-directories of 1Mb or more:
doc 2.1Mb
libs 21.5Mb
Flavors: r-oldrel-macos-arm64, r-oldrel-macos-x86_64
These binaries (installable software) and packages are in development.
They may not be fully stable and should be used with caution. We make no claims about them.