Last updated on 2025-10-03 15:49:50 CEST.
Flavor | Version | Tinstall | Tcheck | Ttotal | Status | Flags |
---|---|---|---|---|---|---|
r-devel-linux-x86_64-debian-clang | 0.2.5 | 6.21 | 41.55 | 47.76 | OK | |
r-devel-linux-x86_64-debian-gcc | 0.2.5 | 3.39 | 30.54 | 33.93 | OK | |
r-devel-linux-x86_64-fedora-clang | 0.2.5 | 72.81 | NOTE | |||
r-devel-linux-x86_64-fedora-gcc | 0.2.5 | 64.93 | NOTE | |||
r-devel-windows-x86_64 | 0.2.5 | 9.00 | 58.00 | 67.00 | OK | |
r-patched-linux-x86_64 | 0.2.5 | 6.05 | 37.21 | 43.26 | OK | |
r-release-linux-x86_64 | 0.2.5 | 5.29 | 37.28 | 42.57 | OK | |
r-release-macos-arm64 | 0.2.5 | 26.00 | OK | |||
r-release-macos-x86_64 | 0.2.5 | 43.00 | OK | |||
r-release-windows-x86_64 | 0.2.5 | 9.00 | 58.00 | 67.00 | OK | |
r-oldrel-macos-arm64 | 0.2.5 | 24.00 | OK | |||
r-oldrel-macos-x86_64 | 0.2.5 | 40.00 | OK | |||
r-oldrel-windows-x86_64 | 0.2.5 | 12.00 | 65.00 | 77.00 | OK |
Version: 0.2.5
Check: dependencies in R code
Result: NOTE
Namespaces in Imports field not imported from:
‘gargle’ ‘getProxy’ ‘rappsflyer’ ‘rfacebookstat’ ‘rgoogleads’
‘rmytarget’ ‘rvkstat’ ‘ryandexdirect’ ‘rym’ ‘tidyr’
All declared Imports should be used.
Flavors: r-devel-linux-x86_64-fedora-clang, r-devel-linux-x86_64-fedora-gcc
These binaries (installable software) and packages are in development.
They may not be fully stable and should be used with caution. We make no claims about them.