Last updated on 2025-05-01 15:49:31 CEST.
Flavor | Version | Tinstall | Tcheck | Ttotal | Status | Flags |
---|---|---|---|---|---|---|
r-devel-linux-x86_64-debian-clang | 0.2.5 | 6.47 | 41.37 | 47.84 | OK | |
r-devel-linux-x86_64-debian-gcc | 0.2.5 | 3.66 | 30.57 | 34.23 | OK | |
r-devel-linux-x86_64-fedora-clang | 0.2.5 | 71.34 | NOTE | |||
r-devel-linux-x86_64-fedora-gcc | 0.2.5 | 65.37 | NOTE | |||
r-devel-windows-x86_64 | 0.2.5 | 8.00 | 67.00 | 75.00 | OK | |
r-patched-linux-x86_64 | 0.2.5 | 5.95 | 37.15 | 43.10 | OK | |
r-release-linux-x86_64 | OK | |||||
r-release-macos-arm64 | 0.2.5 | 26.00 | OK | |||
r-release-macos-x86_64 | 0.2.5 | 43.00 | OK | |||
r-release-windows-x86_64 | 0.2.5 | 7.00 | 63.00 | 70.00 | OK | |
r-oldrel-macos-arm64 | 0.2.5 | 24.00 | OK | |||
r-oldrel-macos-x86_64 | 0.2.5 | 40.00 | OK | |||
r-oldrel-windows-x86_64 | 0.2.5 | 9.00 | 170.00 | 179.00 | OK |
Version: 0.2.5
Check: dependencies in R code
Result: NOTE
Namespaces in Imports field not imported from:
‘gargle’ ‘getProxy’ ‘rappsflyer’ ‘rfacebookstat’ ‘rgoogleads’
‘rmytarget’ ‘rvkstat’ ‘ryandexdirect’ ‘rym’ ‘tidyr’
All declared Imports should be used.
Flavors: r-devel-linux-x86_64-fedora-clang, r-devel-linux-x86_64-fedora-gcc
These binaries (installable software) and packages are in development.
They may not be fully stable and should be used with caution. We make no claims about them.