Last updated on 2025-10-03 05:53:32 CEST.
Flavor | Version | Tinstall | Tcheck | Ttotal | Status | Flags |
---|---|---|---|---|---|---|
r-devel-linux-x86_64-debian-clang | 0.7.0 | 6.54 | 52.12 | 58.66 | NOTE | |
r-devel-linux-x86_64-debian-gcc | 0.7.0 | 4.54 | 40.00 | 44.54 | NOTE | |
r-devel-linux-x86_64-fedora-clang | 0.7.0 | 89.85 | OK | |||
r-devel-linux-x86_64-fedora-gcc | 0.7.0 | 83.38 | OK | |||
r-devel-windows-x86_64 | 0.7.0 | 6.00 | 62.00 | 68.00 | OK | |
r-patched-linux-x86_64 | 0.7.0 | 5.77 | 51.77 | 57.54 | OK | |
r-release-linux-x86_64 | 0.7.0 | 5.61 | 50.72 | 56.33 | OK | |
r-release-macos-arm64 | 0.7.0 | 29.00 | OK | |||
r-release-macos-x86_64 | 0.7.0 | 55.00 | OK | |||
r-release-windows-x86_64 | 0.7.0 | 7.00 | 62.00 | 69.00 | OK | |
r-oldrel-macos-arm64 | 0.7.0 | 27.00 | NOTE | |||
r-oldrel-macos-x86_64 | 0.7.0 | 44.00 | NOTE | |||
r-oldrel-windows-x86_64 | 0.7.0 | 10.00 | 73.00 | 83.00 | NOTE |
Version: 0.7.0
Check: CRAN incoming feasibility
Result: NOTE
Maintainer: ‘Zhicheng Du<dgdzc@hotmail.com>’
No Authors@R field in DESCRIPTION.
Please add one, modifying
Authors@R: c(person(given = "Zhicheng",
family = "Du",
role = c("aut", "cre"),
email = "dgdzc@hotmail.com"),
person(given = "Wangjian",
family = "Zhang",
role = "aut"),
person(given = "Yuantao",
family = "Hao",
role = "aut"))
as necessary.
Flavors: r-devel-linux-x86_64-debian-clang, r-devel-linux-x86_64-debian-gcc
Version: 0.7.0
Check: LazyData
Result: NOTE
'LazyData' is specified without a 'data' directory
Flavors: r-oldrel-macos-arm64, r-oldrel-macos-x86_64, r-oldrel-windows-x86_64
These binaries (installable software) and packages are in development.
They may not be fully stable and should be used with caution. We make no claims about them.