Last updated on 2025-05-01 14:49:10 CEST.
Flavor | Version | Tinstall | Tcheck | Ttotal | Status | Flags |
---|---|---|---|---|---|---|
r-devel-linux-x86_64-debian-clang | 1.0-2 | 1.89 | 69.32 | 71.21 | NOTE | |
r-devel-linux-x86_64-debian-gcc | 1.0-2 | 1.41 | 49.77 | 51.18 | NOTE | |
r-devel-linux-x86_64-fedora-clang | 1.0-2 | 109.50 | OK | |||
r-devel-linux-x86_64-fedora-gcc | 1.0-2 | 113.37 | OK | |||
r-devel-windows-x86_64 | 1.0-2 | 3.00 | 107.00 | 110.00 | OK | |
r-patched-linux-x86_64 | 1.0-2 | 2.63 | 66.45 | 69.08 | OK | |
r-release-linux-x86_64 | OK | |||||
r-release-macos-arm64 | 1.0-2 | 42.00 | OK | |||
r-release-macos-x86_64 | 1.0-2 | 111.00 | OK | |||
r-release-windows-x86_64 | 1.0-2 | 3.00 | 106.00 | 109.00 | OK | |
r-oldrel-macos-arm64 | 1.0-2 | 36.00 | OK | |||
r-oldrel-macos-x86_64 | 1.0-2 | 94.00 | OK | |||
r-oldrel-windows-x86_64 | 1.0-2 | 4.00 | 126.00 | 130.00 | OK |
Version: 1.0-2
Check: CRAN incoming feasibility
Result: NOTE
Maintainer: ‘Simon Wood <simon.wood@r-project.org>’
No Authors@R field in DESCRIPTION.
Please add one, modifying
Authors@R: person(given = "Simon",
family = "Wood",
role = c("aut", "cre"),
email = "simon.wood@r-project.org")
as necessary.
Package CITATION file contains call(s) to old-style citEntry(). Please
use bibentry() instead.
Flavors: r-devel-linux-x86_64-debian-clang, r-devel-linux-x86_64-debian-gcc
Version: 1.0-2
Check: examples
Result: NOTE
Examples with CPU (user + system) or elapsed time > 5s
user system elapsed
ch7.solutions 4.813 0.010 6.855
ch2 4.787 0.019 6.349
ch3.solutions 4.516 0.062 6.724
Flavor: r-devel-linux-x86_64-debian-clang
These binaries (installable software) and packages are in development.
They may not be fully stable and should be used with caution. We make no claims about them.