Last updated on 2025-05-08 04:52:05 CEST.
Flavor | Version | Tinstall | Tcheck | Ttotal | Status | Flags |
---|---|---|---|---|---|---|
r-devel-linux-x86_64-debian-clang | 4.0.5 | 6.16 | 48.45 | 54.61 | NOTE | |
r-devel-linux-x86_64-debian-gcc | 4.0.5 | 4.42 | 35.87 | 40.29 | NOTE | |
r-devel-linux-x86_64-fedora-clang | 4.0.5 | 79.50 | OK | |||
r-devel-linux-x86_64-fedora-gcc | 4.0.5 | 79.56 | OK | |||
r-devel-windows-x86_64 | 4.0.5 | 7.00 | 64.00 | 71.00 | OK | |
r-patched-linux-x86_64 | 4.0.5 | 5.97 | 45.95 | 51.92 | OK | |
r-release-linux-x86_64 | 4.0.5 | 5.35 | 45.56 | 50.91 | OK | |
r-release-macos-arm64 | 4.0.5 | 29.00 | OK | |||
r-release-macos-x86_64 | 4.0.5 | 46.00 | OK | |||
r-release-windows-x86_64 | 4.0.5 | 10.00 | 64.00 | 74.00 | OK | |
r-oldrel-macos-arm64 | 4.0.5 | 27.00 | OK | |||
r-oldrel-macos-x86_64 | 4.0.5 | 40.00 | OK | |||
r-oldrel-windows-x86_64 | 4.0.5 | 11.00 | 76.00 | 87.00 | OK |
Version: 4.0.5
Check: CRAN incoming feasibility
Result: NOTE
Maintainer: ‘Somjit Roy <somjit.roy2001@gmail.com>’
No Authors@R field in DESCRIPTION.
Please add one, modifying
Authors@R: person(given = "Somjit",
family = "Roy",
role = c("aut", "cre"),
email = "somjit.roy2001@gmail.com")
as necessary.
Flavors: r-devel-linux-x86_64-debian-clang, r-devel-linux-x86_64-debian-gcc
These binaries (installable software) and packages are in development.
They may not be fully stable and should be used with caution. We make no claims about them.