Last updated on 2025-02-16 10:50:46 CET.
Flavor | Version | Tinstall | Tcheck | Ttotal | Status | Flags |
---|---|---|---|---|---|---|
r-devel-linux-x86_64-debian-clang | 1.1.88 | 5.50 | 54.10 | 59.60 | NOTE | |
r-devel-linux-x86_64-debian-gcc | 1.1.88 | 4.78 | 42.21 | 46.99 | NOTE | |
r-devel-linux-x86_64-fedora-clang | 1.1.88 | 98.10 | OK | |||
r-devel-linux-x86_64-fedora-gcc | 1.1.88 | 90.61 | OK | |||
r-devel-macos-arm64 | 1.1.88 | 31.00 | OK | |||
r-devel-macos-x86_64 | 1.1.88 | 63.00 | OK | |||
r-devel-windows-x86_64 | 1.1.88 | 7.00 | 67.00 | 74.00 | NOTE | |
r-patched-linux-x86_64 | 1.1.88 | 7.73 | 51.20 | 58.93 | OK | |
r-release-linux-x86_64 | 1.1.88 | 6.17 | 50.83 | 57.00 | OK | |
r-release-macos-arm64 | 1.1.88 | 33.00 | OK | |||
r-release-macos-x86_64 | 1.1.88 | 52.00 | OK | |||
r-release-windows-x86_64 | 1.1.88 | 8.00 | 72.00 | 80.00 | OK | |
r-oldrel-macos-arm64 | 1.1.88 | 32.00 | OK | |||
r-oldrel-macos-x86_64 | 1.1.88 | 51.00 | OK | |||
r-oldrel-windows-x86_64 | 1.1.88 | 9.00 | 83.00 | 92.00 | OK |
Version: 1.1.88
Check: Rd cross-references
Result: NOTE
Found the following Rd file(s) with Rd \link{} targets missing package
anchors:
gamboostMSM-package.Rd: mboost
Please provide package anchors for all Rd \link{} targets not in the
package itself and the base packages.
Flavors: r-devel-linux-x86_64-debian-clang, r-devel-linux-x86_64-debian-gcc, r-devel-windows-x86_64
These binaries (installable software) and packages are in development.
They may not be fully stable and should be used with caution. We make no claims about them.