Last updated on 2025-05-01 14:49:10 CEST.
Flavor | Version | Tinstall | Tcheck | Ttotal | Status | Flags |
---|---|---|---|---|---|---|
r-devel-linux-x86_64-debian-clang | 0.62.5 | 4.50 | 132.32 | 136.82 | NOTE | |
r-devel-linux-x86_64-debian-gcc | 0.62.5 | 3.72 | 102.54 | 106.26 | NOTE | |
r-devel-linux-x86_64-fedora-clang | 0.62.5 | 223.51 | OK | |||
r-devel-linux-x86_64-fedora-gcc | 0.62.5 | 220.00 | OK | |||
r-devel-windows-x86_64 | 0.62.5 | 7.00 | 152.00 | 159.00 | NOTE | |
r-patched-linux-x86_64 | 0.62.5 | 5.03 | 125.46 | 130.49 | NOTE | |
r-release-linux-x86_64 | NOTE | |||||
r-release-macos-arm64 | 0.62.5 | 95.00 | OK | |||
r-release-macos-x86_64 | 0.62.5 | 188.00 | OK | |||
r-release-windows-x86_64 | 0.62.5 | 8.00 | 153.00 | 161.00 | NOTE | |
r-oldrel-macos-arm64 | 0.62.5 | 85.00 | OK | |||
r-oldrel-macos-x86_64 | 0.62.5 | 131.00 | OK | |||
r-oldrel-windows-x86_64 | 0.62.5 | 8.00 | 186.00 | 194.00 | OK |
Version: 0.62.5
Check: CRAN incoming feasibility
Result: NOTE
Maintainer: ‘John Maindonald <john@statsresearch.co.nz>’
No Authors@R field in DESCRIPTION.
Please add one, modifying
Authors@R: person(given = "John",
family = "Maindonald",
role = c("aut", "cre"),
email = "john@statsresearch.co.nz")
as necessary.
Flavors: r-devel-linux-x86_64-debian-clang, r-devel-linux-x86_64-debian-gcc
Version: 0.62.5
Check: Rd cross-references
Result: NOTE
Found the following Rd file(s) with Rd \link{} targets missing package
anchors:
CVgam.Rd: gam
addhlines.Rd: rpart, predict.rpart
gamRF.Rd: gam
Please provide package anchors for all Rd \link{} targets not in the
package itself and the base packages.
Flavors: r-devel-linux-x86_64-debian-clang, r-devel-linux-x86_64-debian-gcc, r-devel-windows-x86_64, r-patched-linux-x86_64, r-release-linux-x86_64, r-release-windows-x86_64
These binaries (installable software) and packages are in development.
They may not be fully stable and should be used with caution. We make no claims about them.