Last updated on 2025-05-01 15:49:31 CEST.
Flavor | Version | Tinstall | Tcheck | Ttotal | Status | Flags |
---|---|---|---|---|---|---|
r-devel-linux-x86_64-debian-clang | 5.0-7 | 7.19 | 63.88 | 71.07 | NOTE | |
r-devel-linux-x86_64-debian-gcc | 5.0-7 | 5.49 | 47.30 | 52.79 | NOTE | |
r-devel-linux-x86_64-fedora-clang | 5.0-7 | 115.62 | OK | |||
r-devel-linux-x86_64-fedora-gcc | 5.0-7 | 101.56 | OK | |||
r-devel-windows-x86_64 | 5.0-7 | 9.00 | 79.00 | 88.00 | OK | |
r-patched-linux-x86_64 | 5.0-7 | 7.79 | 59.99 | 67.78 | OK | |
r-release-linux-x86_64 | OK | |||||
r-release-macos-arm64 | 5.0-7 | 35.00 | OK | |||
r-release-macos-x86_64 | 5.0-7 | 63.00 | OK | |||
r-release-windows-x86_64 | 5.0-7 | 9.00 | 82.00 | 91.00 | OK | |
r-oldrel-macos-arm64 | 5.0-7 | 35.00 | OK | |||
r-oldrel-macos-x86_64 | 5.0-7 | 49.00 | OK | |||
r-oldrel-windows-x86_64 | 5.0-7 | 10.00 | 161.00 | 171.00 | OK |
Version: 5.0-7
Check: CRAN incoming feasibility
Result: NOTE
Maintainer: ‘Mikis Stasinopoulos <d.stasinopoulos@gre.ac.uk>’
No Authors@R field in DESCRIPTION.
Please add one, modifying
Authors@R: c(person(given = "Mikis",
family = "Stasinopoulos",
role = c("aut", "cre"),
email = "d.stasinopoulos@gre.ac.uk"),
person(given = "Bob",
family = "Rigby",
role = "aut"),
person(given = "Nicoleta",
family = "Mortan",
role = "aut"),
person(given = "Alexander",
family = "Seipp",
role = "aut"))
as necessary.
Flavors: r-devel-linux-x86_64-debian-clang, r-devel-linux-x86_64-debian-gcc
These binaries (installable software) and packages are in development.
They may not be fully stable and should be used with caution. We make no claims about them.