Last updated on 2025-11-13 09:50:46 CET.
| Flavor | Version | Tinstall | Tcheck | Ttotal | Status | Flags |
|---|---|---|---|---|---|---|
| r-devel-linux-x86_64-debian-clang | 5.0-7 | 7.64 | 65.34 | 72.98 | NOTE | |
| r-devel-linux-x86_64-debian-gcc | 5.0-7 | 5.62 | 49.11 | 54.73 | NOTE | |
| r-devel-linux-x86_64-fedora-clang | 5.0-7 | 24.00 | 85.86 | 109.86 | OK | |
| r-devel-linux-x86_64-fedora-gcc | 5.0-7 | 14.00 | 88.79 | 102.79 | OK | |
| r-devel-windows-x86_64 | 5.0-7 | 8.00 | 75.00 | 83.00 | OK | |
| r-patched-linux-x86_64 | 5.0-7 | 7.48 | 61.74 | 69.22 | OK | |
| r-release-linux-x86_64 | 5.0-7 | 7.28 | 61.04 | 68.32 | OK | |
| r-release-macos-arm64 | 5.0-7 | 4.00 | 31.00 | 35.00 | OK | |
| r-release-macos-x86_64 | 5.0-7 | 10.00 | 53.00 | 63.00 | OK | |
| r-release-windows-x86_64 | 5.0-7 | 9.00 | 72.00 | 81.00 | OK | |
| r-oldrel-macos-arm64 | 5.0-7 | 3.00 | 32.00 | 35.00 | OK | |
| r-oldrel-macos-x86_64 | 5.0-7 | 5.00 | 44.00 | 49.00 | OK | |
| r-oldrel-windows-x86_64 | 5.0-7 | 11.00 | 86.00 | 97.00 | OK |
Version: 5.0-7
Check: CRAN incoming feasibility
Result: NOTE
Maintainer: ‘Mikis Stasinopoulos <d.stasinopoulos@gre.ac.uk>’
No Authors@R field in DESCRIPTION.
Please add one, modifying
Authors@R: c(person(given = "Mikis",
family = "Stasinopoulos",
role = c("aut", "cre"),
email = "d.stasinopoulos@gre.ac.uk"),
person(given = "Bob",
family = "Rigby",
role = "aut"),
person(given = "Nicoleta",
family = "Mortan",
role = "aut"),
person(given = "Alexander",
family = "Seipp",
role = "aut"))
as necessary.
Flavors: r-devel-linux-x86_64-debian-clang, r-devel-linux-x86_64-debian-gcc
These binaries (installable software) and packages are in development.
They may not be fully stable and should be used with caution. We make no claims about them.