Last updated on 2025-10-03 05:53:32 CEST.
Flavor | Version | Tinstall | Tcheck | Ttotal | Status | Flags |
---|---|---|---|---|---|---|
r-devel-linux-x86_64-debian-clang | 5.0-7 | 7.99 | 64.23 | 72.22 | NOTE | |
r-devel-linux-x86_64-debian-gcc | 5.0-7 | 6.12 | 47.65 | 53.77 | NOTE | |
r-devel-linux-x86_64-fedora-clang | 5.0-7 | 110.08 | OK | |||
r-devel-linux-x86_64-fedora-gcc | 5.0-7 | 100.65 | OK | |||
r-devel-windows-x86_64 | 5.0-7 | 9.00 | 75.00 | 84.00 | OK | |
r-patched-linux-x86_64 | 5.0-7 | 7.22 | 61.67 | 68.89 | OK | |
r-release-linux-x86_64 | 5.0-7 | 7.63 | 61.21 | 68.84 | OK | |
r-release-macos-arm64 | 5.0-7 | 35.00 | OK | |||
r-release-macos-x86_64 | 5.0-7 | 63.00 | OK | |||
r-release-windows-x86_64 | 5.0-7 | 9.00 | 75.00 | 84.00 | OK | |
r-oldrel-macos-arm64 | 5.0-7 | 35.00 | OK | |||
r-oldrel-macos-x86_64 | 5.0-7 | 49.00 | OK | |||
r-oldrel-windows-x86_64 | 5.0-7 | 11.00 | 89.00 | 100.00 | OK |
Version: 5.0-7
Check: CRAN incoming feasibility
Result: NOTE
Maintainer: ‘Mikis Stasinopoulos <d.stasinopoulos@gre.ac.uk>’
No Authors@R field in DESCRIPTION.
Please add one, modifying
Authors@R: c(person(given = "Mikis",
family = "Stasinopoulos",
role = c("aut", "cre"),
email = "d.stasinopoulos@gre.ac.uk"),
person(given = "Bob",
family = "Rigby",
role = "aut"),
person(given = "Nicoleta",
family = "Mortan",
role = "aut"),
person(given = "Alexander",
family = "Seipp",
role = "aut"))
as necessary.
Flavors: r-devel-linux-x86_64-debian-clang, r-devel-linux-x86_64-debian-gcc
These binaries (installable software) and packages are in development.
They may not be fully stable and should be used with caution. We make no claims about them.