CRAN Package Check Results for Package gamlss.ggplots

Last updated on 2025-05-01 08:52:33 CEST.

Flavor Version Tinstall Tcheck Ttotal Status Flags
r-devel-linux-x86_64-debian-clang 2.1-12 23.88 191.33 215.21 NOTE
r-devel-linux-x86_64-debian-gcc 2.1-12 14.38 123.75 138.13 NOTE
r-devel-linux-x86_64-fedora-clang 2.1-12 348.75 NOTE
r-devel-linux-x86_64-fedora-gcc 2.1-12 300.73 NOTE
r-devel-windows-x86_64 2.1-12 23.00 180.00 203.00 NOTE
r-patched-linux-x86_64 2.1-12 21.50 177.71 199.21 NOTE
r-release-linux-x86_64 NOTE
r-release-macos-arm64 2.1-12 87.00 NOTE
r-release-macos-x86_64 2.1-12 182.00 NOTE
r-release-windows-x86_64 2.1-12 26.00 183.00 209.00 NOTE
r-oldrel-macos-arm64 2.1-12 78.00 OK
r-oldrel-macos-x86_64 2.1-12 165.00 OK
r-oldrel-windows-x86_64 2.1-12 30.00 224.00 254.00 OK

Check Details

Version: 2.1-12
Check: DESCRIPTION meta-information
Result: NOTE Missing dependency on R >= 4.1.0 because package code uses the pipe |> or function shorthand \(...) syntax added in R 4.1.0. File(s) using such syntax: ‘Bucket_plot.R’ Flavors: r-devel-linux-x86_64-debian-clang, r-devel-linux-x86_64-debian-gcc, r-devel-linux-x86_64-fedora-clang, r-devel-linux-x86_64-fedora-gcc, r-devel-windows-x86_64, r-patched-linux-x86_64, r-release-linux-x86_64, r-release-macos-arm64, r-release-macos-x86_64, r-release-windows-x86_64

Version: 2.1-12
Check: Rd cross-references
Result: NOTE Found the following Rd file(s) with Rd \link{} targets missing package anchors: family_pdf.Rd: gamlss fitted_cdf.Rd: gamlss fitted_devianceIncr.Rd: gamlss model_pca.Rd: gamlss resid_plot.Rd: gamlss, plot.gamlss Please provide package anchors for all Rd \link{} targets not in the package itself and the base packages. Flavors: r-devel-linux-x86_64-debian-clang, r-devel-linux-x86_64-debian-gcc, r-devel-windows-x86_64, r-patched-linux-x86_64, r-release-linux-x86_64, r-release-windows-x86_64

Version: 2.1-12
Check: examples
Result: NOTE Examples with CPU (user + system) or elapsed time > 5s user system elapsed family_pdf 9.847 0.137 13.269 fitted_cdf 7.572 0.099 9.796 moment_gray_half 6.288 0.020 8.106 resid_plot 4.709 0.032 6.057 Flavor: r-devel-linux-x86_64-debian-clang

Version: 2.1-12
Check: examples
Result: NA user system elapsed family_pdf 5.861 0.117 7.312 fitted_cdf 4.497 0.082 5.353 OK Flavor: r-devel-linux-x86_64-debian-gcc

These binaries (installable software) and packages are in development.
They may not be fully stable and should be used with caution. We make no claims about them.