Last updated on 2025-05-01 12:49:28 CEST.
Flavor | Version | Tinstall | Tcheck | Ttotal | Status | Flags |
---|---|---|---|---|---|---|
r-devel-linux-x86_64-debian-clang | 5.4-22 | 27.40 | 188.66 | 216.06 | NOTE | |
r-devel-linux-x86_64-debian-gcc | 5.4-22 | 19.03 | 123.64 | 142.67 | NOTE | |
r-devel-linux-x86_64-fedora-clang | 5.4-22 | 359.61 | OK | |||
r-devel-linux-x86_64-fedora-gcc | 5.4-22 | 317.15 | OK | |||
r-devel-windows-x86_64 | 5.4-22 | 31.00 | 200.00 | 231.00 | NOTE | |
r-patched-linux-x86_64 | 5.4-22 | 29.28 | 175.94 | 205.22 | NOTE | |
r-release-linux-x86_64 | NOTE | |||||
r-release-macos-arm64 | 5.4-22 | 109.00 | OK | |||
r-release-macos-x86_64 | 5.4-22 | 295.00 | OK | |||
r-release-windows-x86_64 | 5.4-22 | 31.00 | 204.00 | 235.00 | NOTE | |
r-oldrel-macos-arm64 | 5.4-22 | 78.00 | OK | |||
r-oldrel-macos-x86_64 | 5.4-22 | 192.00 | OK | |||
r-oldrel-windows-x86_64 | 5.4-22 | 38.00 | 236.00 | 274.00 | OK |
Version: 5.4-22
Check: Rd cross-references
Result: NOTE
Found the following Rd file(s) with Rd \link{} targets missing package
anchors:
LR.test.Rd: dropterm
gamlss.ps.Rd: ridge
Please provide package anchors for all Rd \link{} targets not in the
package itself and the base packages.
Flavors: r-devel-linux-x86_64-debian-clang, r-devel-linux-x86_64-debian-gcc, r-devel-windows-x86_64, r-patched-linux-x86_64, r-release-linux-x86_64, r-release-windows-x86_64
Version: 5.4-22
Check: examples
Result: NOTE
Examples with CPU (user + system) or elapsed time > 5s
user system elapsed
gamlssVGD 4.695 0.004 6.987
Flavor: r-devel-linux-x86_64-debian-clang
These binaries (installable software) and packages are in development.
They may not be fully stable and should be used with caution. We make no claims about them.