CRAN Package Check Results for Package gamlss.lasso

Last updated on 2025-05-01 14:49:10 CEST.

Flavor Version Tinstall Tcheck Ttotal Status Flags
r-devel-linux-x86_64-debian-clang 1.0-1 7.04 68.00 75.04 NOTE
r-devel-linux-x86_64-debian-gcc 1.0-1 5.65 50.97 56.62 OK
r-devel-linux-x86_64-fedora-clang 1.0-1 121.03 OK
r-devel-linux-x86_64-fedora-gcc 1.0-1 111.59 OK
r-devel-windows-x86_64 1.0-1 8.00 83.00 91.00 OK
r-patched-linux-x86_64 1.0-1 8.26 65.11 73.37 OK
r-release-linux-x86_64 OK
r-release-macos-arm64 1.0-1 39.00 OK
r-release-macos-x86_64 1.0-1 72.00 OK
r-release-windows-x86_64 1.0-1 11.00 84.00 95.00 OK
r-oldrel-macos-arm64 1.0-1 34.00 OK
r-oldrel-macos-x86_64 1.0-1 53.00 OK
r-oldrel-windows-x86_64 1.0-1 10.00 135.00 145.00 OK

Check Details

Version: 1.0-1
Check: examples
Result: NOTE Examples with CPU (user + system) or elapsed time > 5s user system elapsed gnet 5.027 0.019 5.549 Flavor: r-devel-linux-x86_64-debian-clang

These binaries (installable software) and packages are in development.
They may not be fully stable and should be used with caution. We make no claims about them.