Last updated on 2025-05-01 14:49:10 CEST.
Flavor | Version | Tinstall | Tcheck | Ttotal | Status | Flags |
---|---|---|---|---|---|---|
r-devel-linux-x86_64-debian-clang | 6.0-1 | 8.37 | 64.45 | 72.82 | NOTE | |
r-devel-linux-x86_64-debian-gcc | 6.0-1 | 6.04 | 47.64 | 53.68 | NOTE | |
r-devel-linux-x86_64-fedora-clang | 6.0-1 | 116.93 | OK | |||
r-devel-linux-x86_64-fedora-gcc | 6.0-1 | 103.86 | OK | |||
r-devel-windows-x86_64 | 6.0-1 | 10.00 | 77.00 | 87.00 | OK | |
r-patched-linux-x86_64 | 6.0-1 | 7.53 | 61.15 | 68.68 | OK | |
r-release-linux-x86_64 | OK | |||||
r-release-macos-arm64 | 6.0-1 | 35.00 | OK | |||
r-release-macos-x86_64 | 6.0-1 | 62.00 | OK | |||
r-release-windows-x86_64 | 6.0-1 | 10.00 | 84.00 | 94.00 | OK | |
r-oldrel-macos-arm64 | 6.0-1 | 32.00 | OK | |||
r-oldrel-macos-x86_64 | 6.0-1 | 55.00 | OK | |||
r-oldrel-windows-x86_64 | 6.0-1 | 11.00 | 125.00 | 136.00 | OK |
Version: 6.0-1
Check: CRAN incoming feasibility
Result: NOTE
Maintainer: ‘Mikis Stasinopoulos <d.stasinopoulos@gre.ac.uk>’
No Authors@R field in DESCRIPTION.
Please add one, modifying
Authors@R: c(person(given = "Mikis",
family = "Stasinopoulos",
role = c("aut", "cre"),
email = "d.stasinopoulos@gre.ac.uk"),
person(given = "Bob",
family = "Rigby",
role = "aut",
email = "r.rigby@gre.ac.uk"))
as necessary.
Flavors: r-devel-linux-x86_64-debian-clang, r-devel-linux-x86_64-debian-gcc
These binaries (installable software) and packages are in development.
They may not be fully stable and should be used with caution. We make no claims about them.