Last updated on 2025-11-13 09:50:46 CET.
| Flavor | Version | Tinstall | Tcheck | Ttotal | Status | Flags |
|---|---|---|---|---|---|---|
| r-devel-linux-x86_64-debian-clang | 5.1-9 | 7.53 | 62.04 | 69.57 | NOTE | |
| r-devel-linux-x86_64-debian-gcc | 5.1-9 | 6.30 | 46.03 | 52.33 | NOTE | |
| r-devel-linux-x86_64-fedora-clang | 5.1-9 | 20.00 | 86.92 | 106.92 | OK | |
| r-devel-linux-x86_64-fedora-gcc | 5.1-9 | 17.00 | 82.86 | 99.86 | OK | |
| r-devel-windows-x86_64 | 5.1-9 | 10.00 | 73.00 | 83.00 | OK | |
| r-patched-linux-x86_64 | 5.1-9 | 6.32 | 58.60 | 64.92 | OK | |
| r-release-linux-x86_64 | 5.1-9 | 6.57 | 58.47 | 65.04 | OK | |
| r-release-macos-arm64 | 5.1-9 | 4.00 | 30.00 | 34.00 | OK | |
| r-release-macos-x86_64 | 5.1-9 | 7.00 | 50.00 | 57.00 | OK | |
| r-release-windows-x86_64 | 5.1-9 | 9.00 | 70.00 | 79.00 | OK | |
| r-oldrel-macos-arm64 | 5.1-9 | 4.00 | 28.00 | 32.00 | OK | |
| r-oldrel-macos-x86_64 | 5.1-9 | 6.00 | 40.00 | 46.00 | OK | |
| r-oldrel-windows-x86_64 | 5.1-9 | 12.00 | 84.00 | 96.00 | OK |
Version: 5.1-9
Check: CRAN incoming feasibility
Result: NOTE
Maintainer: ‘Mikis Stasinopoulos <d.stasinopoulos@gre.ac.uk>’
No Authors@R field in DESCRIPTION.
Please add one, modifying
Authors@R: c(person(given = "Mikis",
family = "Stasinopoulos",
role = c("aut", "cre"),
email = "d.stasinopoulos@gre.ac.uk"),
person(given = "Bob",
family = "Rigby",
role = "aut",
email = "r.rigby@gre.ac.uk"))
as necessary.
Flavors: r-devel-linux-x86_64-debian-clang, r-devel-linux-x86_64-debian-gcc
These binaries (installable software) and packages are in development.
They may not be fully stable and should be used with caution. We make no claims about them.