Last updated on 2025-02-16 10:50:46 CET.
Flavor | Version | Tinstall | Tcheck | Ttotal | Status | Flags |
---|---|---|---|---|---|---|
r-devel-linux-x86_64-debian-clang | 1.0.1 | 1.76 | 28.57 | 30.33 | NOTE | |
r-devel-linux-x86_64-debian-gcc | 1.0.1 | 1.63 | 22.89 | 24.52 | NOTE | |
r-devel-linux-x86_64-fedora-clang | 1.0.1 | 50.09 | NOTE | |||
r-devel-linux-x86_64-fedora-gcc | 1.0.1 | 46.56 | NOTE | |||
r-devel-macos-arm64 | 1.0.1 | 19.00 | OK | |||
r-devel-macos-x86_64 | 1.0.1 | 33.00 | NOTE | |||
r-devel-windows-x86_64 | 1.0.1 | 4.00 | 60.00 | 64.00 | NOTE | |
r-patched-linux-x86_64 | 1.0.1 | 2.43 | 27.43 | 29.86 | OK | |
r-release-linux-x86_64 | 1.0.1 | 2.06 | 27.40 | 29.46 | OK | |
r-release-macos-arm64 | 1.0.1 | 22.00 | OK | |||
r-release-macos-x86_64 | 1.0.1 | 43.00 | OK | |||
r-release-windows-x86_64 | 1.0.1 | 3.00 | 60.00 | 63.00 | OK | |
r-oldrel-macos-arm64 | 1.0.1 | 30.00 | OK | |||
r-oldrel-macos-x86_64 | 1.0.1 | 42.00 | OK | |||
r-oldrel-windows-x86_64 | 1.0.1 | 4.00 | 63.00 | 67.00 | OK |
Version: 1.0.1
Check: DESCRIPTION meta-information
Result: NOTE
Missing dependency on R >= 4.1.0 because package code uses the pipe
|> or function shorthand \(...) syntax added in R 4.1.0.
File(s) using such syntax:
‘gamlssx-internal.R’
Flavors: r-devel-linux-x86_64-debian-clang, r-devel-linux-x86_64-debian-gcc, r-devel-linux-x86_64-fedora-clang, r-devel-linux-x86_64-fedora-gcc, r-devel-macos-x86_64, r-devel-windows-x86_64
These binaries (installable software) and packages are in development.
They may not be fully stable and should be used with caution. We make no claims about them.