Last updated on 2024-07-27 15:50:18 CEST.
Flavor | Version | Tinstall | Tcheck | Ttotal | Status | Flags |
---|---|---|---|---|---|---|
r-devel-linux-x86_64-debian-clang | 1.0.5 | 9.97 | 141.91 | 151.88 | OK | |
r-devel-linux-x86_64-debian-gcc | 1.0.5 | OK | ||||
r-devel-linux-x86_64-fedora-clang | 1.0.5 | 197.77 | NOTE | |||
r-devel-linux-x86_64-fedora-gcc | 1.0.5 | 192.95 | OK | |||
r-devel-windows-x86_64 | 1.0.5 | 13.00 | 161.00 | 174.00 | OK | |
r-patched-linux-x86_64 | 1.0.5 | OK | ||||
r-release-linux-x86_64 | 1.0.5 | 10.40 | 133.60 | 144.00 | OK | |
r-release-macos-arm64 | 1.0.5 | 67.00 | OK | |||
r-release-macos-x86_64 | 1.0.5 | 90.00 | OK | |||
r-release-windows-x86_64 | 1.0.5 | 11.00 | 161.00 | 172.00 | OK | |
r-oldrel-macos-arm64 | 1.0.5 | 64.00 | OK | |||
r-oldrel-macos-x86_64 | 1.0.5 | 150.00 | OK | |||
r-oldrel-windows-x86_64 | 1.0.5 | 15.00 | 200.00 | 215.00 | OK |
Version: 1.0.5
Check: Rd cross-references
Result: NOTE
Undeclared package ‘hyperSpec’ in Rd xrefs
Flavor: r-devel-linux-x86_64-fedora-clang
These binaries (installable software) and packages are in development.
They may not be fully stable and should be used with caution. We make no claims about them.