CRAN Package Check Results for Package gamreg

Last updated on 2025-05-01 08:52:33 CEST.

Flavor Version Tinstall Tcheck Ttotal Status Flags
r-devel-linux-x86_64-debian-clang 0.3 33.06 77.35 110.41 NOTE
r-devel-linux-x86_64-debian-gcc 0.3 23.25 58.54 81.79 NOTE
r-devel-linux-x86_64-fedora-clang 0.3 185.72 OK
r-devel-linux-x86_64-fedora-gcc 0.3 167.62 OK
r-devel-windows-x86_64 0.3 41.00 107.00 148.00 OK
r-patched-linux-x86_64 0.3 32.02 76.12 108.14 OK
r-release-linux-x86_64 OK
r-release-macos-arm64 0.3 51.00 OK
r-release-macos-x86_64 0.3 102.00 OK
r-release-windows-x86_64 0.3 41.00 112.00 153.00 OK
r-oldrel-macos-arm64 0.3 49.00 NOTE
r-oldrel-macos-x86_64 0.3 92.00 NOTE
r-oldrel-windows-x86_64 0.3 45.00 133.00 178.00 NOTE

Check Details

Version: 0.3
Check: CRAN incoming feasibility
Result: NOTE Maintainer: ‘Takayuki Kawashima <t-kawa@ism.ac.jp>’ No Authors@R field in DESCRIPTION. Please add one, modifying Authors@R: person(given = "Takayuki", family = "Kawashima", role = c("aut", "cre"), email = "t-kawa@ism.ac.jp") as necessary. Flavors: r-devel-linux-x86_64-debian-clang, r-devel-linux-x86_64-debian-gcc

Version: 0.3
Check: LazyData
Result: NOTE 'LazyData' is specified without a 'data' directory Flavors: r-oldrel-macos-arm64, r-oldrel-macos-x86_64, r-oldrel-windows-x86_64

These binaries (installable software) and packages are in development.
They may not be fully stable and should be used with caution. We make no claims about them.