Last updated on 2025-11-11 15:50:34 CET.
| Flavor | Version | Tinstall | Tcheck | Ttotal | Status | Flags |
|---|---|---|---|---|---|---|
| r-devel-linux-x86_64-debian-clang | 2.0-3 | 86.42 | 45.83 | 132.25 | OK | |
| r-devel-linux-x86_64-debian-gcc | 2.0-3 | 52.24 | 34.02 | 86.26 | OK | |
| r-devel-linux-x86_64-fedora-clang | 2.0-3 | 191.00 | 61.29 | 252.29 | OK | |
| r-devel-linux-x86_64-fedora-gcc | 2.0-3 | 91.00 | 132.95 | 223.95 | OK | |
| r-devel-windows-x86_64 | 2.0-3 | 93.00 | 86.00 | 179.00 | OK | |
| r-patched-linux-x86_64 | 2.0-3 | 81.07 | 44.49 | 125.56 | OK | |
| r-release-linux-x86_64 | 2.0-3 | 78.23 | 44.62 | 122.85 | OK | |
| r-release-macos-arm64 | 2.0-3 | 33.00 | 41.00 | 74.00 | OK | |
| r-release-macos-x86_64 | 2.0-3 | 29.00 | 92.00 | 121.00 | OK | |
| r-release-windows-x86_64 | 2.0-3 | 93.00 | 84.00 | 177.00 | OK | |
| r-oldrel-macos-arm64 | 2.0-3 | 27.00 | 58.00 | 85.00 | NOTE | |
| r-oldrel-macos-x86_64 | 2.0-3 | 24.00 | 63.00 | 87.00 | NOTE | |
| r-oldrel-windows-x86_64 | 2.0-3 | 109.00 | 99.00 | 208.00 | OK |
Version: 2.0-3
Check: installed package size
Result: NOTE
installed size is 6.0Mb
sub-directories of 1Mb or more:
libs 5.0Mb
Flavors: r-oldrel-macos-arm64, r-oldrel-macos-x86_64
These binaries (installable software) and packages are in development.
They may not be fully stable and should be used with caution. We make no claims about them.