CRAN Package Check Results for Package gamselBayes

Last updated on 2025-07-21 19:49:44 CEST.

Flavor Version Tinstall Tcheck Ttotal Status Flags
r-devel-linux-x86_64-debian-clang 2.0-3 83.86 44.12 127.98 OK
r-devel-linux-x86_64-debian-gcc 2.0-3 54.81 32.92 87.73 OK
r-devel-linux-x86_64-fedora-clang 2.0-3 241.54 OK
r-devel-linux-x86_64-fedora-gcc 2.0-3 221.76 OK
r-devel-windows-x86_64 2.0-3 91.00 86.00 177.00 OK
r-patched-linux-x86_64 2.0-3 79.84 41.66 121.50 OK
r-release-linux-x86_64 2.0-3 78.26 41.61 119.87 OK
r-release-macos-arm64 2.0-3 74.00 OK
r-release-macos-x86_64 2.0-3 121.00 OK
r-release-windows-x86_64 2.0-3 86.00 92.00 178.00 OK
r-oldrel-macos-arm64 2.0-3 85.00 NOTE
r-oldrel-macos-x86_64 2.0-3 87.00 NOTE
r-oldrel-windows-x86_64 2.0-3 110.00 107.00 217.00 OK

Check Details

Version: 2.0-3
Check: installed package size
Result: NOTE installed size is 6.0Mb sub-directories of 1Mb or more: libs 5.0Mb Flavors: r-oldrel-macos-arm64, r-oldrel-macos-x86_64

These binaries (installable software) and packages are in development.
They may not be fully stable and should be used with caution. We make no claims about them.