Last updated on 2024-07-27 15:50:18 CEST.
Flavor | Version | Tinstall | Tcheck | Ttotal | Status | Flags |
---|---|---|---|---|---|---|
r-devel-linux-x86_64-debian-clang | 3.0.3 | 85.22 | 79.39 | 164.61 | OK | |
r-devel-linux-x86_64-debian-gcc | 3.0.3 | OK | ||||
r-devel-linux-x86_64-fedora-clang | 3.0.3 | 249.70 | OK | |||
r-devel-linux-x86_64-fedora-gcc | 3.0.3 | 234.25 | OK | |||
r-devel-windows-x86_64 | 3.0.3 | 77.00 | 100.00 | 177.00 | OK | |
r-patched-linux-x86_64 | 3.0.3 | OK | ||||
r-release-linux-x86_64 | 3.0.3 | 76.90 | 75.50 | 152.40 | OK | |
r-release-macos-arm64 | 3.0.3 | 65.00 | NOTE | |||
r-release-macos-x86_64 | 3.0.3 | 119.00 | NOTE | |||
r-release-windows-x86_64 | 3.0.3 | 86.00 | 102.00 | 188.00 | OK | |
r-oldrel-macos-arm64 | 3.0.3 | 70.00 | NOTE | |||
r-oldrel-macos-x86_64 | 3.0.3 | 104.00 | NOTE | |||
r-oldrel-windows-x86_64 | 3.0.3 | 70.00 | 118.00 | 188.00 | OK |
Version: 3.0.3
Check: installed package size
Result: NOTE
installed size is 6.8Mb
sub-directories of 1Mb or more:
libs 6.2Mb
Flavors: r-release-macos-arm64, r-release-macos-x86_64, r-oldrel-macos-arm64, r-oldrel-macos-x86_64
These binaries (installable software) and packages are in development.
They may not be fully stable and should be used with caution. We make no claims about them.