CRAN Package Check Results for Package ganDataModel

Last updated on 2025-04-16 15:52:47 CEST.

Flavor Version Tinstall Tcheck Ttotal Status Flags
r-devel-linux-x86_64-debian-clang 1.1.7 50.65 60.59 111.24 OK
r-devel-linux-x86_64-debian-gcc 1.1.7 43.40 45.39 88.79 OK
r-devel-linux-x86_64-fedora-clang 1.1.7 188.77 OK
r-devel-linux-x86_64-fedora-gcc 1.1.7 199.75 OK
r-devel-windows-x86_64 1.1.7 61.00 96.00 157.00 OK
r-patched-linux-x86_64 1.1.7 60.21 59.00 119.21 OK
r-release-linux-x86_64 1.1.7 60.04 57.97 118.01 OK
r-release-macos-arm64 1.1.7 66.00 OK
r-release-macos-x86_64 1.1.7 126.00 OK
r-release-windows-x86_64 1.1.7 61.00 100.00 161.00 OK
r-oldrel-macos-arm64 1.1.7 53.00 NOTE
r-oldrel-macos-x86_64 1.1.7 152.00 OK
r-oldrel-windows-x86_64 1.1.7 72.00 122.00 194.00 OK

Check Details

Version: 1.1.7
Check: installed package size
Result: NOTE installed size is 5.1Mb sub-directories of 1Mb or more: libs 4.5Mb Flavor: r-oldrel-macos-arm64

These binaries (installable software) and packages are in development.
They may not be fully stable and should be used with caution. We make no claims about them.