Last updated on 2024-07-27 15:50:18 CEST.
Flavor | Version | Tinstall | Tcheck | Ttotal | Status | Flags |
---|---|---|---|---|---|---|
r-devel-linux-x86_64-debian-clang | 1.5-3 | 29.03 | 323.71 | 352.74 | OK | |
r-devel-linux-x86_64-debian-gcc | 1.5-3 | OK | ||||
r-devel-linux-x86_64-fedora-clang | 1.5-3 | 447.43 | NOTE | |||
r-devel-linux-x86_64-fedora-gcc | 1.5-3 | 450.78 | OK | |||
r-devel-windows-x86_64 | 1.5-3 | 35.00 | 368.00 | 403.00 | NOTE | |
r-patched-linux-x86_64 | 1.5-3 | OK | ||||
r-release-linux-x86_64 | 1.5-3 | 30.44 | 314.68 | 345.12 | OK | |
r-release-macos-arm64 | 1.5-3 | 122.00 | NOTE | |||
r-release-macos-x86_64 | 1.5-3 | 206.00 | NOTE | |||
r-release-windows-x86_64 | 1.5-3 | 35.00 | 338.00 | 373.00 | NOTE | |
r-oldrel-macos-arm64 | 1.5-3 | 126.00 | NOTE | |||
r-oldrel-macos-x86_64 | 1.5-3 | 235.00 | NOTE | |||
r-oldrel-windows-x86_64 | 1.5-3 | 41.00 | 425.00 | 466.00 | NOTE |
Version: 1.5-3
Check: installed package size
Result: NOTE
installed size is 11.3Mb
sub-directories of 1Mb or more:
doc 7.9Mb
libs 2.3Mb
Flavors: r-devel-linux-x86_64-fedora-clang, r-devel-windows-x86_64, r-release-macos-arm64, r-release-macos-x86_64, r-release-windows-x86_64, r-oldrel-macos-arm64, r-oldrel-macos-x86_64, r-oldrel-windows-x86_64
Version: 1.5-3
Check: Rd cross-references
Result: NOTE
Undeclared package ‘car’ in Rd xrefs
Flavor: r-devel-linux-x86_64-fedora-clang
These binaries (installable software) and packages are in development.
They may not be fully stable and should be used with caution. We make no claims about them.