Last updated on 2025-05-08 04:52:05 CEST.
Flavor | Version | Tinstall | Tcheck | Ttotal | Status | Flags |
---|---|---|---|---|---|---|
r-devel-linux-x86_64-debian-clang | 1.6 | 25.40 | 252.79 | 278.19 | OK | |
r-devel-linux-x86_64-debian-gcc | 1.6 | 16.56 | 179.45 | 196.01 | OK | |
r-devel-linux-x86_64-fedora-clang | 1.6 | 436.11 | OK | |||
r-devel-linux-x86_64-fedora-gcc | 1.6 | 427.31 | OK | |||
r-devel-windows-x86_64 | 1.6 | 34.00 | 366.00 | 400.00 | OK | |
r-patched-linux-x86_64 | 1.6 | 26.84 | 242.80 | 269.64 | OK | |
r-release-linux-x86_64 | 1.6 | 25.68 | 244.79 | 270.47 | OK | |
r-release-macos-arm64 | 1.6 | 127.00 | OK | |||
r-release-macos-x86_64 | 1.6 | 369.00 | OK | |||
r-release-windows-x86_64 | 1.6 | 32.00 | 346.00 | 378.00 | OK | |
r-oldrel-macos-arm64 | 1.6 | 134.00 | NOTE | |||
r-oldrel-macos-x86_64 | 1.6 | 287.00 | NOTE | |||
r-oldrel-windows-x86_64 | 1.6 | 45.00 | 454.00 | 499.00 | NOTE |
Version: 1.6
Check: installed package size
Result: NOTE
installed size is 9.0Mb
sub-directories of 1Mb or more:
doc 7.4Mb
Flavors: r-oldrel-macos-arm64, r-oldrel-macos-x86_64, r-oldrel-windows-x86_64
These binaries (installable software) and packages are in development.
They may not be fully stable and should be used with caution. We make no claims about them.