Last updated on 2025-11-12 19:51:49 CET.
| Flavor | Version | Tinstall | Tcheck | Ttotal | Status | Flags |
|---|---|---|---|---|---|---|
| r-devel-linux-x86_64-debian-clang | 1.6 | 22.83 | 263.28 | 286.11 | NOTE | |
| r-devel-linux-x86_64-debian-gcc | 1.6 | 17.57 | 183.59 | 201.16 | NOTE | |
| r-devel-linux-x86_64-fedora-clang | 1.6 | 97.00 | 353.91 | 450.91 | NOTE | |
| r-devel-linux-x86_64-fedora-gcc | 1.6 | 50.00 | 382.01 | 432.01 | NOTE | |
| r-devel-windows-x86_64 | 1.6 | 36.00 | 358.00 | 394.00 | NOTE | |
| r-patched-linux-x86_64 | 1.6 | 27.60 | 254.66 | 282.26 | OK | |
| r-release-linux-x86_64 | 1.6 | 24.00 | 253.19 | 277.19 | OK | |
| r-release-macos-arm64 | 1.6 | 12.00 | 115.00 | 127.00 | OK | |
| r-release-macos-x86_64 | 1.6 | 36.00 | 333.00 | 369.00 | OK | |
| r-release-windows-x86_64 | 1.6 | 32.00 | 348.00 | 380.00 | OK | |
| r-oldrel-macos-arm64 | 1.6 | 12.00 | 122.00 | 134.00 | NOTE | |
| r-oldrel-macos-x86_64 | 1.6 | 19.00 | 268.00 | 287.00 | NOTE | |
| r-oldrel-windows-x86_64 | 1.6 | 43.00 | 413.00 | 456.00 | NOTE |
Version: 1.6
Check: Rd files
Result: NOTE
checkRd: (-1) gap.Rd:20-137: Only 2 columns allowed in this table (row 1 has 1)
checkRd: (-1) gap.Rd:20-137: Only 2 columns allowed in this table (row 2 has 1)
checkRd: (-1) gap.Rd:20-137: Only 2 columns allowed in this table (row 3 has 1)
checkRd: (-1) gap.Rd:20-137: Only 2 columns allowed in this table (row 51 has 1)
checkRd: (-1) gap.Rd:20-137: Only 2 columns allowed in this table (row 52 has 1)
checkRd: (-1) gap.Rd:20-137: Only 2 columns allowed in this table (row 53 has 1)
checkRd: (-1) gap.Rd:20-137: Only 2 columns allowed in this table (row 78 has 1)
checkRd: (-1) gap.Rd:20-137: Only 2 columns allowed in this table (row 79 has 1)
checkRd: (-1) gap.Rd:20-137: Only 2 columns allowed in this table (row 80 has 1)
checkRd: (-1) gap.Rd:20-137: Only 2 columns allowed in this table (row 116 has 1)
checkRd: (-1) masize.Rd:129-162: Only 3 columns allowed in this table (row 2 has 1)
checkRd: (-1) masize.Rd:129-162: Only 3 columns allowed in this table (row 7 has 1)
checkRd: (-1) masize.Rd:129-162: Only 3 columns allowed in this table (row 13 has 1)
checkRd: (-1) masize.Rd:129-162: Only 3 columns allowed in this table (row 23 has 1)
Flavors: r-devel-linux-x86_64-debian-clang, r-devel-linux-x86_64-debian-gcc, r-devel-linux-x86_64-fedora-clang, r-devel-linux-x86_64-fedora-gcc, r-devel-windows-x86_64
Version: 1.6
Check: installed package size
Result: NOTE
installed size is 9.0Mb
sub-directories of 1Mb or more:
doc 7.4Mb
Flavors: r-oldrel-macos-arm64, r-oldrel-macos-x86_64, r-oldrel-windows-x86_64
These binaries (installable software) and packages are in development.
They may not be fully stable and should be used with caution. We make no claims about them.