Last updated on 2025-10-25 05:50:02 CEST.
| Flavor | Version | Tinstall | Tcheck | Ttotal | Status | Flags |
|---|---|---|---|---|---|---|
| r-devel-linux-x86_64-debian-clang | 1.0.2 | 2.81 | 89.65 | 92.46 | NOTE | |
| r-devel-linux-x86_64-debian-gcc | 1.0.2 | 2.22 | 64.97 | 67.19 | NOTE | |
| r-devel-linux-x86_64-fedora-clang | 1.0.2 | 142.83 | OK | |||
| r-devel-linux-x86_64-fedora-gcc | 1.0.2 | 145.28 | OK | |||
| r-devel-windows-x86_64 | 1.0.2 | 5.00 | 237.00 | 242.00 | OK | |
| r-patched-linux-x86_64 | 1.0.2 | 3.11 | 85.88 | 88.99 | OK | |
| r-release-linux-x86_64 | 1.0.2 | 2.52 | 86.02 | 88.54 | OK | |
| r-release-macos-arm64 | 1.0.2 | 2.00 | 133.00 | 135.00 | OK | |
| r-release-macos-x86_64 | 1.0.2 | 2.00 | 296.00 | 298.00 | OK | |
| r-release-windows-x86_64 | 1.0.2 | 6.00 | 237.00 | 243.00 | OK | |
| r-oldrel-macos-arm64 | 1.0.2 | 2.00 | 121.00 | 123.00 | OK | |
| r-oldrel-macos-x86_64 | 1.0.2 | 2.00 | 253.00 | 255.00 | OK | |
| r-oldrel-windows-x86_64 | 1.0.2 | 7.00 | 353.00 | 360.00 | OK |
Version: 1.0.2
Check: CRAN incoming feasibility
Result: NOTE
Maintainer: ‘Ian Lundberg <ianlundberg@ucla.edu>’
Package CITATION file contains call(s) to old-style personList() or
as.personList(). Please use c() on person objects instead.
Package CITATION file contains call(s) to old-style citEntry(). Please
use bibentry() instead.
Flavors: r-devel-linux-x86_64-debian-clang, r-devel-linux-x86_64-debian-gcc
These binaries (installable software) and packages are in development.
They may not be fully stable and should be used with caution. We make no claims about them.