Last updated on 2025-07-02 03:50:41 CEST.
Flavor | Version | Tinstall | Tcheck | Ttotal | Status | Flags |
---|---|---|---|---|---|---|
r-devel-linux-x86_64-debian-clang | 1.0.2 | 2.73 | 83.75 | 86.48 | NOTE | |
r-devel-linux-x86_64-debian-gcc | 1.0.2 | 1.90 | 58.96 | 60.86 | NOTE | |
r-devel-linux-x86_64-fedora-clang | 1.0.2 | 127.21 | OK | |||
r-devel-linux-x86_64-fedora-gcc | 1.0.2 | 133.37 | OK | |||
r-devel-windows-x86_64 | 1.0.2 | 5.00 | 239.00 | 244.00 | OK | |
r-patched-linux-x86_64 | OK | |||||
r-release-linux-x86_64 | 1.0.2 | 2.70 | 78.04 | 80.74 | OK | |
r-release-macos-arm64 | 1.0.2 | 135.00 | OK | |||
r-release-macos-x86_64 | 1.0.2 | 298.00 | OK | |||
r-release-windows-x86_64 | 1.0.2 | 6.00 | 231.00 | 237.00 | OK | |
r-oldrel-macos-arm64 | 1.0.2 | 123.00 | OK | |||
r-oldrel-macos-x86_64 | 1.0.2 | 255.00 | OK | |||
r-oldrel-windows-x86_64 | 1.0.2 | 6.00 | 343.00 | 349.00 | OK |
Version: 1.0.2
Check: CRAN incoming feasibility
Result: NOTE
Maintainer: ‘Ian Lundberg <ianlundberg@ucla.edu>’
Package CITATION file contains call(s) to old-style personList() or
as.personList(). Please use c() on person objects instead.
Package CITATION file contains call(s) to old-style citEntry(). Please
use bibentry() instead.
Flavors: r-devel-linux-x86_64-debian-clang, r-devel-linux-x86_64-debian-gcc
These binaries (installable software) and packages are in development.
They may not be fully stable and should be used with caution. We make no claims about them.