CRAN Package Check Results for Package gapclosing

Last updated on 2025-05-08 04:52:05 CEST.

Flavor Version Tinstall Tcheck Ttotal Status Flags
r-devel-linux-x86_64-debian-clang 1.0.2 2.23 82.82 85.05 NOTE
r-devel-linux-x86_64-debian-gcc 1.0.2 2.18 59.63 61.81 NOTE
r-devel-linux-x86_64-fedora-clang 1.0.2 132.15 OK
r-devel-linux-x86_64-fedora-gcc 1.0.2 133.17 OK
r-devel-windows-x86_64 1.0.2 5.00 233.00 238.00 OK
r-patched-linux-x86_64 1.0.2 3.42 77.90 81.32 OK
r-release-linux-x86_64 1.0.2 3.26 78.03 81.29 OK
r-release-macos-arm64 1.0.2 135.00 OK
r-release-macos-x86_64 1.0.2 298.00 OK
r-release-windows-x86_64 1.0.2 6.00 236.00 242.00 OK
r-oldrel-macos-arm64 1.0.2 123.00 OK
r-oldrel-macos-x86_64 1.0.2 255.00 OK
r-oldrel-windows-x86_64 1.0.2 6.00 341.00 347.00 OK

Check Details

Version: 1.0.2
Check: CRAN incoming feasibility
Result: NOTE Maintainer: ‘Ian Lundberg <ianlundberg@ucla.edu>’ Package CITATION file contains call(s) to old-style personList() or as.personList(). Please use c() on person objects instead. Package CITATION file contains call(s) to old-style citEntry(). Please use bibentry() instead. Flavors: r-devel-linux-x86_64-debian-clang, r-devel-linux-x86_64-debian-gcc

These binaries (installable software) and packages are in development.
They may not be fully stable and should be used with caution. We make no claims about them.