Last updated on 2025-02-16 10:50:46 CET.
Flavor | Version | Tinstall | Tcheck | Ttotal | Status | Flags |
---|---|---|---|---|---|---|
r-devel-linux-x86_64-debian-clang | 0.9.6-1 | 17.64 | 126.72 | 144.36 | NOTE | |
r-devel-linux-x86_64-debian-gcc | 0.9.6-1 | 14.91 | 89.31 | 104.22 | NOTE | |
r-devel-linux-x86_64-fedora-clang | 0.9.6-1 | 241.27 | NOTE | |||
r-devel-linux-x86_64-fedora-gcc | 0.9.6-1 | 217.61 | NOTE | |||
r-devel-macos-arm64 | 0.9.6-1 | 62.00 | NOTE | |||
r-devel-macos-x86_64 | 0.9.6-1 | 124.00 | NOTE | |||
r-devel-windows-x86_64 | 0.9.6-1 | 22.00 | 138.00 | 160.00 | NOTE | |
r-patched-linux-x86_64 | 0.9.6-1 | 18.62 | 114.02 | 132.64 | NOTE | |
r-release-linux-x86_64 | 0.9.6-1 | 18.62 | 114.35 | 132.97 | NOTE | |
r-release-macos-arm64 | 0.9.6-1 | 58.00 | NOTE | |||
r-release-macos-x86_64 | 0.9.6-1 | 95.00 | NOTE | |||
r-release-windows-x86_64 | 0.9.6-1 | 23.00 | 141.00 | 164.00 | NOTE | |
r-oldrel-macos-arm64 | 0.9.6-1 | 70.00 | NOTE | |||
r-oldrel-macos-x86_64 | 0.9.6-1 | 112.00 | NOTE | |||
r-oldrel-windows-x86_64 | 0.9.6-1 | 29.00 | 173.00 | 202.00 | OK |
Version: 0.9.6-1
Check: Rd files
Result: NOTE
checkRd: (-1) Gapfill.Rd:66-68: Lost braces in \itemize; \value handles \item{}{} directly
checkRd: (-1) Gapfill.Rd:69-70: Lost braces in \itemize; \value handles \item{}{} directly
checkRd: (-1) Gapfill.Rd:71-77: Lost braces in \itemize; \value handles \item{}{} directly
checkRd: (-1) Gapfill.Rd:72: Lost braces in \itemize; \value handles \item{}{} directly
checkRd: (-1) Gapfill.Rd:73: Lost braces in \itemize; \value handles \item{}{} directly
checkRd: (-1) Gapfill.Rd:74: Lost braces in \itemize; \value handles \item{}{} directly
checkRd: (-1) Gapfill.Rd:75: Lost braces in \itemize; \value handles \item{}{} directly
checkRd: (-1) Gapfill.Rd:78: Lost braces in \itemize; \value handles \item{}{} directly
checkRd: (-1) ndvi.Rd:10: Lost braces in \itemize; meant \describe ?
checkRd: (-1) ndvi.Rd:11: Lost braces in \itemize; meant \describe ?
checkRd: (-1) ndvi.Rd:12: Lost braces in \itemize; meant \describe ?
checkRd: (-1) ndvi.Rd:13: Lost braces in \itemize; meant \describe ?
Flavors: r-devel-linux-x86_64-debian-clang, r-devel-linux-x86_64-debian-gcc, r-devel-linux-x86_64-fedora-clang, r-devel-linux-x86_64-fedora-gcc, r-devel-macos-arm64, r-devel-macos-x86_64, r-devel-windows-x86_64, r-patched-linux-x86_64, r-release-linux-x86_64, r-release-macos-arm64, r-release-macos-x86_64, r-release-windows-x86_64
Version: 0.9.6-1
Check: package dependencies
Result: NOTE
Package which this enhances but not available for checking: ‘doMPI’
Flavors: r-release-macos-arm64, r-release-macos-x86_64, r-oldrel-macos-arm64, r-oldrel-macos-x86_64
These binaries (installable software) and packages are in development.
They may not be fully stable and should be used with caution. We make no claims about them.