Last updated on 2025-02-16 10:50:46 CET.
Flavor | Version | Tinstall | Tcheck | Ttotal | Status | Flags |
---|---|---|---|---|---|---|
r-devel-linux-x86_64-debian-clang | 1.5.2 | 8.33 | 79.83 | 88.16 | NOTE | |
r-devel-linux-x86_64-debian-gcc | 1.5.2 | 5.93 | 58.47 | 64.40 | NOTE | |
r-devel-linux-x86_64-fedora-clang | 1.5.2 | 160.37 | OK | |||
r-devel-linux-x86_64-fedora-gcc | 1.5.2 | 151.33 | OK | |||
r-devel-macos-arm64 | 1.5.2 | 62.00 | OK | |||
r-devel-macos-x86_64 | 1.5.2 | 113.00 | OK | |||
r-devel-windows-x86_64 | 1.5.2 | 10.00 | 105.00 | 115.00 | NOTE | |
r-patched-linux-x86_64 | 1.5.2 | 11.94 | 74.58 | 86.52 | OK | |
r-release-linux-x86_64 | 1.5.2 | 7.11 | 75.10 | 82.21 | OK | |
r-release-macos-arm64 | 1.5.2 | 56.00 | OK | |||
r-release-macos-x86_64 | 1.5.2 | 88.00 | OK | |||
r-release-windows-x86_64 | 1.5.2 | 11.00 | 104.00 | 115.00 | OK | |
r-oldrel-macos-arm64 | 1.5.2 | 51.00 | OK | |||
r-oldrel-macos-x86_64 | 1.5.2 | 94.00 | OK | |||
r-oldrel-windows-x86_64 | 1.5.2 | 12.00 | 118.00 | 130.00 | OK |
Version: 1.5.2
Check: Rd cross-references
Result: NOTE
Found the following Rd file(s) with Rd \link{} targets missing package
anchors:
gargle_oauth_client_from_json.Rd: oauth_app
request_make.Rd: httr
request_retry.Rd: httr
response_process.Rd: httr
Please provide package anchors for all Rd \link{} targets not in the
package itself and the base packages.
Flavors: r-devel-linux-x86_64-debian-clang, r-devel-linux-x86_64-debian-gcc, r-devel-windows-x86_64
These binaries (installable software) and packages are in development.
They may not be fully stable and should be used with caution. We make no claims about them.