Last updated on 2025-10-24 05:50:40 CEST.
| Flavor | Version | Tinstall | Tcheck | Ttotal | Status | Flags |
|---|---|---|---|---|---|---|
| r-devel-linux-x86_64-debian-clang | 0.0.1 | 3.24 | 38.45 | 41.69 | OK | |
| r-devel-linux-x86_64-debian-gcc | 0.0.1 | 2.57 | 31.41 | 33.98 | OK | |
| r-devel-linux-x86_64-fedora-clang | 0.0.1 | 64.02 | OK | |||
| r-devel-linux-x86_64-fedora-gcc | 0.0.1 | 73.54 | OK | |||
| r-devel-windows-x86_64 | 0.0.1 | 5.00 | 60.00 | 65.00 | OK | |
| r-patched-linux-x86_64 | 0.0.1 | 3.60 | 35.93 | 39.53 | OK | |
| r-release-linux-x86_64 | 0.0.1 | 3.37 | 36.03 | 39.40 | OK | |
| r-release-macos-arm64 | 0.0.1 | 3.00 | 42.00 | 45.00 | OK | |
| r-release-macos-x86_64 | 0.0.1 | 4.00 | 74.00 | 78.00 | OK | |
| r-release-windows-x86_64 | 0.0.1 | 5.00 | 62.00 | 67.00 | OK | |
| r-oldrel-macos-arm64 | 0.0.1 | 2.00 | 27.00 | 29.00 | NOTE | |
| r-oldrel-macos-x86_64 | 0.0.1 | 3.00 | 41.00 | 44.00 | NOTE | |
| r-oldrel-windows-x86_64 | 0.0.1 | 6.00 | 71.00 | 77.00 | NOTE |
Version: 0.0.1
Check: LazyData
Result: NOTE
'LazyData' is specified without a 'data' directory
Flavors: r-oldrel-macos-arm64, r-oldrel-macos-x86_64, r-oldrel-windows-x86_64
These binaries (installable software) and packages are in development.
They may not be fully stable and should be used with caution. We make no claims about them.