Last updated on 2025-02-16 10:50:46 CET.
Flavor | Version | Tinstall | Tcheck | Ttotal | Status | Flags |
---|---|---|---|---|---|---|
r-devel-linux-x86_64-debian-clang | 1.0.22 | 108.23 | 45.57 | 153.80 | NOTE | |
r-devel-linux-x86_64-debian-gcc | 1.0.22 | 73.33 | 36.05 | 109.38 | NOTE | |
r-devel-linux-x86_64-fedora-clang | 1.0.22 | 318.81 | NOTE | |||
r-devel-linux-x86_64-fedora-gcc | 1.0.22 | 310.34 | NOTE | |||
r-devel-macos-arm64 | 1.0.22 | 75.00 | OK | |||
r-devel-macos-x86_64 | 1.0.22 | 108.00 | OK | |||
r-devel-windows-x86_64 | 1.0.22 | 108.00 | 102.00 | 210.00 | OK | |
r-patched-linux-x86_64 | 1.0.22 | 97.16 | 45.12 | 142.28 | OK | |
r-release-linux-x86_64 | 1.0.22 | 97.46 | 45.54 | 143.00 | OK | |
r-release-macos-arm64 | 1.0.22 | 74.00 | OK | |||
r-release-macos-x86_64 | 1.0.22 | 104.00 | OK | |||
r-release-windows-x86_64 | 1.0.22 | 112.00 | 94.00 | 206.00 | OK | |
r-oldrel-macos-arm64 | 1.0.22 | 84.00 | OK | |||
r-oldrel-macos-x86_64 | 1.0.22 | 127.00 | OK | |||
r-oldrel-windows-x86_64 | 1.0.22 | 139.00 | 102.00 | 241.00 | OK |
Version: 1.0.22
Check: top-level files
Result: NOTE
possible bashism in configure.ac line 38 (should be 'b = a'):
if test "$ac_cv_header_stdint_h" == yes; then
possible bashism in configure.ac line 52 (should be 'b = a'):
if test "$ac_cv_header_inttypes_h" == yes; then
Flavors: r-devel-linux-x86_64-debian-clang, r-devel-linux-x86_64-debian-gcc, r-devel-linux-x86_64-fedora-clang, r-devel-linux-x86_64-fedora-gcc
These binaries (installable software) and packages are in development.
They may not be fully stable and should be used with caution. We make no claims about them.