Last updated on 2025-02-16 10:50:46 CET.
Flavor | Version | Tinstall | Tcheck | Ttotal | Status | Flags |
---|---|---|---|---|---|---|
r-devel-linux-x86_64-debian-clang | 0.7.0 | 430.91 | 171.75 | 602.66 | OK | |
r-devel-linux-x86_64-debian-gcc | 0.7.0 | 415.26 | 157.90 | 573.16 | OK | |
r-devel-linux-x86_64-fedora-clang | 0.7.0 | 1000.09 | OK | |||
r-devel-linux-x86_64-fedora-gcc | 0.7.0 | 1416.59 | OK | |||
r-devel-macos-arm64 | 0.7.0 | 271.00 | OK | |||
r-devel-macos-x86_64 | 0.7.0 | 304.00 | OK | |||
r-devel-windows-x86_64 | 0.7.0 | 433.00 | 235.00 | 668.00 | OK | |
r-patched-linux-x86_64 | 0.7.0 | 561.32 | 208.78 | 770.10 | OK | |
r-release-linux-x86_64 | 0.7.0 | 549.76 | 209.22 | 758.98 | OK | |
r-release-macos-arm64 | 0.7.0 | 147.00 | NOTE | |||
r-release-macos-x86_64 | 0.7.0 | 156.00 | NOTE | |||
r-release-windows-x86_64 | 0.7.0 | 439.00 | 230.00 | 669.00 | OK | |
r-oldrel-macos-arm64 | 0.7.0 | 252.00 | NOTE | |||
r-oldrel-macos-x86_64 | 0.7.0 | 282.00 | NOTE | |||
r-oldrel-windows-x86_64 | 0.7.0 | 608.00 | 270.00 | 878.00 | OK |
Version: 0.7.0
Check: installed package size
Result: NOTE
installed size is 112.1Mb
sub-directories of 1Mb or more:
libs 111.6Mb
Flavors: r-release-macos-arm64, r-release-macos-x86_64, r-oldrel-macos-arm64, r-oldrel-macos-x86_64
Version: 0.7.0
Check: for GNU extensions in Makefiles
Result: NOTE
GNU make is a SystemRequirements.
Flavors: r-release-macos-arm64, r-release-macos-x86_64, r-oldrel-macos-arm64, r-oldrel-macos-x86_64
These binaries (installable software) and packages are in development.
They may not be fully stable and should be used with caution. We make no claims about them.