Last updated on 2025-02-16 10:50:46 CET.
Flavor | Version | Tinstall | Tcheck | Ttotal | Status | Flags |
---|---|---|---|---|---|---|
r-devel-linux-x86_64-debian-clang | 0.1.15 | 44.06 | 383.01 | 427.07 | NOTE | |
r-devel-linux-x86_64-debian-gcc | 0.1.15 | 31.91 | 269.01 | 300.92 | NOTE | |
r-devel-linux-x86_64-fedora-clang | 0.1.15 | 749.58 | OK | |||
r-devel-linux-x86_64-fedora-gcc | 0.1.15 | 695.41 | OK | |||
r-devel-macos-arm64 | 0.1.15 | 311.00 | OK | |||
r-devel-macos-x86_64 | 0.1.15 | 476.00 | OK | |||
r-devel-windows-x86_64 | 0.1.15 | 29.00 | 279.00 | 308.00 | NOTE | |
r-patched-linux-x86_64 | 0.1.15 | 45.54 | 363.50 | 409.04 | OK | |
r-release-linux-x86_64 | 0.1.15 | 39.69 | 359.96 | 399.65 | OK | |
r-release-macos-arm64 | 0.1.15 | 276.00 | OK | |||
r-release-macos-x86_64 | 0.1.15 | 271.00 | OK | |||
r-release-windows-x86_64 | 0.1.15 | 30.00 | 256.00 | 286.00 | OK | |
r-oldrel-macos-arm64 | 0.1.15 | 157.00 | OK | |||
r-oldrel-macos-x86_64 | 0.1.15 | 358.00 | OK | |||
r-oldrel-windows-x86_64 | 0.1.15 | 37.00 | 317.00 | 354.00 | OK |
Version: 0.1.15
Check: Rd cross-references
Result: NOTE
Found the following Rd file(s) with Rd \link{} targets missing package
anchors:
gateR-package.Rd: sparr, spatstat.geom, terra
Please provide package anchors for all Rd \link{} targets not in the
package itself and the base packages.
Flavors: r-devel-linux-x86_64-debian-clang, r-devel-linux-x86_64-debian-gcc, r-devel-windows-x86_64
These binaries (installable software) and packages are in development.
They may not be fully stable and should be used with caution. We make no claims about them.