Last updated on 2025-05-08 04:52:05 CEST.
Flavor | Version | Tinstall | Tcheck | Ttotal | Status | Flags |
---|---|---|---|---|---|---|
r-devel-linux-x86_64-debian-clang | 0.1.15 | 43.54 | 386.20 | 429.74 | NOTE | |
r-devel-linux-x86_64-debian-gcc | 0.1.15 | 31.63 | 280.37 | 312.00 | NOTE | |
r-devel-linux-x86_64-fedora-clang | 0.1.15 | 728.64 | OK | |||
r-devel-linux-x86_64-fedora-gcc | 0.1.15 | 720.33 | OK | |||
r-devel-windows-x86_64 | 0.1.15 | 29.00 | 281.00 | 310.00 | NOTE | |
r-patched-linux-x86_64 | 0.1.15 | 40.95 | 371.49 | 412.44 | NOTE | |
r-release-linux-x86_64 | 0.1.15 | 41.26 | 372.51 | 413.77 | NOTE | |
r-release-macos-arm64 | 0.1.15 | 292.00 | OK | |||
r-release-macos-x86_64 | 0.1.15 | 476.00 | OK | |||
r-release-windows-x86_64 | 0.1.15 | 28.00 | 283.00 | 311.00 | NOTE | |
r-oldrel-macos-arm64 | 0.1.15 | 276.00 | OK | |||
r-oldrel-macos-x86_64 | 0.1.15 | 271.00 | OK | |||
r-oldrel-windows-x86_64 | 0.1.15 | 41.00 | 339.00 | 380.00 | OK |
Version: 0.1.15
Check: Rd cross-references
Result: NOTE
Found the following Rd file(s) with Rd \link{} targets missing package
anchors:
gateR-package.Rd: sparr, spatstat.geom, terra
Please provide package anchors for all Rd \link{} targets not in the
package itself and the base packages.
Flavors: r-devel-linux-x86_64-debian-clang, r-devel-linux-x86_64-debian-gcc, r-devel-windows-x86_64, r-patched-linux-x86_64, r-release-linux-x86_64, r-release-windows-x86_64
These binaries (installable software) and packages are in development.
They may not be fully stable and should be used with caution. We make no claims about them.