CRAN Package Check Results for Package gaussquad

Last updated on 2025-11-11 15:50:34 CET.

Flavor Version Tinstall Tcheck Ttotal Status Flags
r-devel-linux-x86_64-debian-clang 1.0-3 2.90 37.66 40.56 NOTE
r-devel-linux-x86_64-debian-gcc 1.0-3 2.08 27.76 29.84 NOTE
r-devel-linux-x86_64-fedora-clang 1.0-3 12.00 51.91 63.91 OK
r-devel-linux-x86_64-fedora-gcc 1.0-3 56.45 OK
r-devel-windows-x86_64 1.0-3 4.00 70.00 74.00 OK
r-patched-linux-x86_64 1.0-3 3.05 35.08 38.13 OK
r-release-linux-x86_64 1.0-3 2.59 35.52 38.11 OK
r-release-macos-arm64 1.0-3 1.00 24.00 25.00 OK
r-release-macos-x86_64 1.0-3 3.00 32.00 35.00 OK
r-release-windows-x86_64 1.0-3 6.00 62.00 68.00 OK
r-oldrel-macos-arm64 1.0-3 1.00 17.00 18.00 OK
r-oldrel-macos-x86_64 1.0-3 3.00 26.00 29.00 OK
r-oldrel-windows-x86_64 1.0-3 6.00 68.00 74.00 OK

Check Details

Version: 1.0-3
Check: CRAN incoming feasibility
Result: NOTE Maintainer: ‘Frederick Novomestky <fnovomes@poly.edu>’ No Authors@R field in DESCRIPTION. Please add one, modifying Authors@R: person(given = "Frederick", family = "Novomestky", role = c("aut", "cre"), email = "fnovomes@poly.edu") as necessary. Flavors: r-devel-linux-x86_64-debian-clang, r-devel-linux-x86_64-debian-gcc

These binaries (installable software) and packages are in development.
They may not be fully stable and should be used with caution. We make no claims about them.