CRAN Package Check Results for Package gaussquad

Last updated on 2025-07-27 01:48:22 CEST.

Flavor Version Tinstall Tcheck Ttotal Status Flags
r-devel-linux-x86_64-debian-clang 1.0-3 2.80 35.48 38.28 NOTE
r-devel-linux-x86_64-debian-gcc 1.0-3 2.09 25.53 27.62 NOTE
r-devel-linux-x86_64-fedora-clang 1.0-3 59.27 OK
r-devel-linux-x86_64-fedora-gcc 1.0-3 55.95 OK
r-devel-windows-x86_64 1.0-3 4.00 75.00 79.00 OK
r-patched-linux-x86_64 1.0-3 3.46 32.61 36.07 OK
r-release-linux-x86_64 1.0-3 2.77 32.98 35.75 OK
r-release-macos-arm64 1.0-3 25.00 OK
r-release-macos-x86_64 1.0-3 35.00 OK
r-release-windows-x86_64 1.0-3 6.00 65.00 71.00 OK
r-oldrel-macos-arm64 1.0-3 18.00 OK
r-oldrel-macos-x86_64 1.0-3 29.00 OK
r-oldrel-windows-x86_64 1.0-3 5.00 74.00 79.00 OK

Check Details

Version: 1.0-3
Check: CRAN incoming feasibility
Result: NOTE Maintainer: ‘Frederick Novomestky <fnovomes@poly.edu>’ No Authors@R field in DESCRIPTION. Please add one, modifying Authors@R: person(given = "Frederick", family = "Novomestky", role = c("aut", "cre"), email = "fnovomes@poly.edu") as necessary. Flavors: r-devel-linux-x86_64-debian-clang, r-devel-linux-x86_64-debian-gcc

These binaries (installable software) and packages are in development.
They may not be fully stable and should be used with caution. We make no claims about them.