CRAN Package Check Results for Package gbm.auto

Last updated on 2025-07-26 07:50:22 CEST.

Flavor Version Tinstall Tcheck Ttotal Status Flags
r-devel-linux-x86_64-debian-clang 2024.10.01 45.03 279.54 324.57 NOTE
r-devel-linux-x86_64-debian-gcc 2024.10.01 29.69 218.25 247.94 NOTE
r-devel-linux-x86_64-fedora-clang 2024.10.01 590.99 NOTE
r-devel-linux-x86_64-fedora-gcc 2024.10.01 568.79 NOTE
r-devel-windows-x86_64 2024.10.01 43.00 251.00 294.00 NOTE
r-patched-linux-x86_64 2024.10.01 44.54 319.47 364.01 NOTE
r-release-linux-x86_64 2024.10.01 41.60 318.11 359.71 NOTE
r-release-macos-arm64 2024.10.01 129.00 NOTE
r-release-macos-x86_64 2024.10.01 434.00 NOTE
r-release-windows-x86_64 2024.10.01 43.00 249.00 292.00 NOTE
r-oldrel-macos-arm64 2024.10.01 127.00 OK
r-oldrel-macos-x86_64 2024.10.01 183.00 OK
r-oldrel-windows-x86_64 2024.10.01 59.00 355.00 414.00 OK

Check Details

Version: 2024.10.01
Check: DESCRIPTION meta-information
Result: NOTE Missing dependency on R >= 4.1.0 because package code uses the pipe |> or function shorthand \(...) syntax added in R 4.1.0. File(s) using such syntax: ‘gbm.factorplot.R’ ‘gbm.mapsf.R’ Flavors: r-devel-linux-x86_64-debian-clang, r-devel-linux-x86_64-debian-gcc, r-devel-linux-x86_64-fedora-clang, r-devel-linux-x86_64-fedora-gcc, r-devel-windows-x86_64, r-patched-linux-x86_64, r-release-linux-x86_64, r-release-macos-arm64, r-release-macos-x86_64, r-release-windows-x86_64

These binaries (installable software) and packages are in development.
They may not be fully stable and should be used with caution. We make no claims about them.