Last updated on 2025-02-16 10:50:46 CET.
Flavor | Version | Tinstall | Tcheck | Ttotal | Status | Flags |
---|---|---|---|---|---|---|
r-devel-linux-x86_64-debian-clang | 2024.10.01 | 44.94 | 326.44 | 371.38 | NOTE | |
r-devel-linux-x86_64-debian-gcc | 2024.10.01 | 32.32 | 215.47 | 247.79 | NOTE | |
r-devel-linux-x86_64-fedora-clang | 2024.10.01 | 630.20 | NOTE | |||
r-devel-linux-x86_64-fedora-gcc | 2024.10.01 | 546.40 | NOTE | |||
r-devel-macos-arm64 | 2024.10.01 | 134.00 | OK | |||
r-devel-macos-x86_64 | 2024.10.01 | 434.00 | NOTE | |||
r-devel-windows-x86_64 | 2024.10.01 | 38.00 | 254.00 | 292.00 | NOTE | |
r-patched-linux-x86_64 | 2024.10.01 | 40.19 | 303.35 | 343.54 | OK | |
r-release-linux-x86_64 | 2024.10.01 | 43.14 | 302.74 | 345.88 | OK | |
r-release-macos-arm64 | 2024.10.01 | 127.00 | OK | |||
r-release-macos-x86_64 | 2024.10.01 | 183.00 | OK | |||
r-release-windows-x86_64 | 2024.10.01 | 41.00 | 282.00 | 323.00 | OK | |
r-oldrel-macos-arm64 | 2024.10.01 | 124.00 | OK | |||
r-oldrel-macos-x86_64 | 2024.10.01 | 200.00 | OK | |||
r-oldrel-windows-x86_64 | 2024.10.01 | 58.00 | 343.00 | 401.00 | OK |
Version: 2024.10.01
Check: DESCRIPTION meta-information
Result: NOTE
Missing dependency on R >= 4.1.0 because package code uses the pipe
|> or function shorthand \(...) syntax added in R 4.1.0.
File(s) using such syntax:
‘gbm.factorplot.R’ ‘gbm.mapsf.R’
Flavors: r-devel-linux-x86_64-debian-clang, r-devel-linux-x86_64-debian-gcc, r-devel-linux-x86_64-fedora-clang, r-devel-linux-x86_64-fedora-gcc, r-devel-macos-x86_64, r-devel-windows-x86_64
These binaries (installable software) and packages are in development.
They may not be fully stable and should be used with caution. We make no claims about them.