Last updated on 2025-11-11 15:50:34 CET.
| Flavor | Version | Tinstall | Tcheck | Ttotal | Status | Flags |
|---|---|---|---|---|---|---|
| r-devel-linux-x86_64-debian-clang | 2024.10.01 | 49.16 | 343.21 | 392.37 | NOTE | |
| r-devel-linux-x86_64-debian-gcc | 2024.10.01 | 30.98 | 223.81 | 254.79 | NOTE | |
| r-devel-linux-x86_64-fedora-clang | 2024.10.01 | 218.00 | 444.80 | 662.80 | NOTE | |
| r-devel-linux-x86_64-fedora-gcc | 2024.10.01 | 98.00 | 488.14 | 586.14 | NOTE | |
| r-devel-windows-x86_64 | 2024.10.01 | 42.00 | 268.00 | 310.00 | NOTE | |
| r-patched-linux-x86_64 | 2024.10.01 | 41.02 | 327.40 | 368.42 | NOTE | |
| r-release-linux-x86_64 | 2024.10.01 | 43.79 | 328.97 | 372.76 | NOTE | |
| r-release-macos-arm64 | 2024.10.01 | 21.00 | 108.00 | 129.00 | NOTE | |
| r-release-macos-x86_64 | 2024.10.01 | 37.00 | 397.00 | 434.00 | NOTE | |
| r-release-windows-x86_64 | 2024.10.01 | 43.00 | 262.00 | 305.00 | NOTE | |
| r-oldrel-macos-arm64 | 2024.10.01 | 19.00 | 108.00 | 127.00 | OK | |
| r-oldrel-macos-x86_64 | 2024.10.01 | 34.00 | 149.00 | 183.00 | OK | |
| r-oldrel-windows-x86_64 | 2024.10.01 | 62.00 | 354.00 | 416.00 | OK |
Version: 2024.10.01
Check: DESCRIPTION meta-information
Result: NOTE
Missing dependency on R >= 4.1.0 because package code uses the pipe
|> or function shorthand \(...) syntax added in R 4.1.0.
File(s) using such syntax:
‘gbm.factorplot.R’ ‘gbm.mapsf.R’
Flavors: r-devel-linux-x86_64-debian-clang, r-devel-linux-x86_64-debian-gcc, r-devel-linux-x86_64-fedora-clang, r-devel-linux-x86_64-fedora-gcc, r-devel-windows-x86_64, r-patched-linux-x86_64, r-release-linux-x86_64, r-release-macos-arm64, r-release-macos-x86_64, r-release-windows-x86_64
These binaries (installable software) and packages are in development.
They may not be fully stable and should be used with caution. We make no claims about them.