Last updated on 2025-11-11 15:50:34 CET.
| Flavor | Version | Tinstall | Tcheck | Ttotal | Status | Flags |
|---|---|---|---|---|---|---|
| r-devel-linux-x86_64-debian-clang | 2.2.2 | 34.12 | 115.47 | 149.59 | NOTE | |
| r-devel-linux-x86_64-debian-gcc | 2.2.2 | 20.55 | 85.31 | 105.86 | NOTE | |
| r-devel-linux-x86_64-fedora-clang | 2.2.2 | 234.00 | 52.61 | 286.61 | OK | |
| r-devel-linux-x86_64-fedora-gcc | 2.2.2 | 62.00 | 174.30 | 236.30 | OK | |
| r-devel-windows-x86_64 | 2.2.2 | 46.00 | 152.00 | 198.00 | OK | |
| r-patched-linux-x86_64 | 2.2.2 | 28.73 | 110.38 | 139.11 | NOTE | |
| r-release-linux-x86_64 | 2.2.2 | 28.90 | 109.64 | 138.54 | NOTE | |
| r-release-macos-arm64 | 2.2.2 | 15.00 | 69.00 | 84.00 | OK | |
| r-release-macos-x86_64 | 2.2.2 | 25.00 | 154.00 | 179.00 | OK | |
| r-release-windows-x86_64 | 2.2.2 | 46.00 | 154.00 | 200.00 | OK | |
| r-oldrel-macos-arm64 | 2.2.2 | 17.00 | 81.00 | 98.00 | OK | |
| r-oldrel-macos-x86_64 | 2.2.2 | 21.00 | 152.00 | 173.00 | OK | |
| r-oldrel-windows-x86_64 | 2.2.2 | 54.00 | 181.00 | 235.00 | OK |
Version: 2.2.2
Check: for unstated dependencies in ‘demo’
Result: NOTE
'library' or 'require' call not declared from: ‘MASS’
Flavors: r-devel-linux-x86_64-debian-clang, r-devel-linux-x86_64-debian-gcc, r-patched-linux-x86_64, r-release-linux-x86_64
These binaries (installable software) and packages are in development.
They may not be fully stable and should be used with caution. We make no claims about them.