Last updated on 2025-02-02 18:50:21 CET.
Flavor | Version | Tinstall | Tcheck | Ttotal | Status | Flags |
---|---|---|---|---|---|---|
r-devel-linux-x86_64-debian-clang | 2.2.2 | 34.10 | 107.85 | 141.95 | NOTE | |
r-devel-linux-x86_64-debian-gcc | 2.2.2 | 22.03 | 81.71 | 103.74 | NOTE | |
r-devel-linux-x86_64-fedora-clang | 2.2.2 | 284.74 | OK | |||
r-devel-linux-x86_64-fedora-gcc | 2.2.2 | 254.10 | OK | |||
r-devel-windows-x86_64 | 2.2.2 | 43.00 | 153.00 | 196.00 | OK | |
r-patched-linux-x86_64 | 2.2.2 | 30.64 | 101.93 | 132.57 | OK | |
r-release-linux-x86_64 | 2.2.2 | 31.68 | 102.06 | 133.74 | OK | |
r-release-macos-arm64 | 2.2.2 | 98.00 | OK | |||
r-release-macos-x86_64 | 2.2.2 | 173.00 | OK | |||
r-release-windows-x86_64 | 2.2.2 | 44.00 | 153.00 | 197.00 | OK | |
r-oldrel-macos-arm64 | 2.2.2 | 119.00 | OK | |||
r-oldrel-macos-x86_64 | 2.2.2 | 258.00 | OK | |||
r-oldrel-windows-x86_64 | 2.2.2 | 48.00 | 184.00 | 232.00 | OK |
Version: 2.2.2
Check: for unstated dependencies in ‘demo’
Result: NOTE
'library' or 'require' call not declared from: ‘MASS’
Flavors: r-devel-linux-x86_64-debian-clang, r-devel-linux-x86_64-debian-gcc
These binaries (installable software) and packages are in development.
They may not be fully stable and should be used with caution. We make no claims about them.