CRAN Package Check Results for Package gbmt

Last updated on 2025-05-02 06:49:34 CEST.

Flavor Version Tinstall Tcheck Ttotal Status Flags
r-devel-linux-x86_64-debian-clang 0.1.4 7.55 72.44 79.99 NOTE
r-devel-linux-x86_64-debian-gcc 0.1.4 5.71 52.32 58.03 OK
r-devel-linux-x86_64-fedora-clang 0.1.4 135.14 OK
r-devel-linux-x86_64-fedora-gcc 0.1.4 123.46 OK
r-devel-windows-x86_64 0.1.4 9.00 158.00 167.00 OK
r-patched-linux-x86_64 0.1.4 7.00 69.03 76.03 OK
r-release-linux-x86_64 OK
r-release-macos-arm64 0.1.4 39.00 OK
r-release-macos-x86_64 0.1.4 75.00 OK
r-release-windows-x86_64 0.1.4 8.00 89.00 97.00 OK
r-oldrel-macos-arm64 0.1.4 36.00 OK
r-oldrel-macos-x86_64 0.1.4 94.00 OK
r-oldrel-windows-x86_64 0.1.4 11.00 99.00 110.00 OK

Check Details

Version: 0.1.4
Check: examples
Result: NOTE Examples with CPU (user + system) or elapsed time > 5s user system elapsed gbmt 5.615 0.095 6.481 Flavor: r-devel-linux-x86_64-debian-clang

These binaries (installable software) and packages are in development.
They may not be fully stable and should be used with caution. We make no claims about them.